MONTHLY CLIMATOLOGICAL SUMMARY for Mar 2019 NAME: Tosca, Varsi (Parma) ELEV: 650 metri LAT: 44-37.15 N LONG: 009-49.14 E TEMPERATURE (°C), RAIN (mm), WIND SPEED (km/h) HEAT COOL AVG MEAN DEG DEG WIND DOM DAY TEMP HIGH TIME LOW TIME DAYS DAYS RAIN SPEED HIGH TIME DIR --------------------------------------------------------------------------------------- 01 9.6 18.2 16:21 3.9 07:16 10.4 0.0 0.0 2.8 18.4 13:41 152 02 10.8 18.0 10:51 5.0 06:31 9.2 0.0 0.0 4.0 29.5 12:56 245 03 10.7 17.4 12:31 4.4 06:36 9.3 0.0 0.0 5.6 33.1 20:41 265 04 9.7 11.2 16:51 6.4 23:51 10.3 0.0 1.5 10.6 56.2 04:01 284 05 9.9 16.2 16:25 5.2 06:54 10.1 0.0 0.0 4.7 25.6 20:57 185 06 9.7 14.7 14:45 5.0 02:55 10.3 0.0 0.0 4.9 46.4 09:55 109 07 10.7 13.6 12:35 8.7 00:29 9.3 0.0 4.5 10.6 50.0 06:49 87 08 9.9 13.1 11:25 7.8 07:05 10.1 0.0 0.0 9.9 49.0 09:29 278 09 9.8 14.5 12:45 5.7 06:55 10.2 0.0 0.0 8.2 42.8 17:30 250 10 10.8 14.5 17:05 7.9 23:35 9.2 0.0 0.0 12.7 52.6 12:45 254 11 9.5 16.7 12:29 4.3 23:20 10.5 0.0 0.0 10.3 84.6 18:35 306 12 7.9 16.6 16:20 2.5 05:45 12.1 0.0 0.0 6.8 54.0 23:40 278 13 5.1 12.2 17:20 1.6 22:50 14.9 0.0 3.9 3.6 35.6 00:15 225 14 8.2 16.4 09:25 1.2 01:05 11.8 0.0 0.0 6.4 33.1 22:20 251 15 13.2 19.1 12:30 6.2 01:20 6.8 0.0 0.0 9.6 50.0 16:40 245 16 13.7 18.9 14:25 9.6 06:25 6.3 0.0 0.0 11.1 58.7 23:35 278 17 10.7 13.0 13:25 9.5 00:40 9.3 0.0 0.0 9.5 52.6 22:55 278 18 8.8 13.1 17:05 3.5 21:25 11.2 0.0 0.3 8.6 49.0 00:20 317 19 4.6 9.6 16:20 1.5 05:35 15.4 0.0 0.0 9.2 37.8 11:50 103 20 5.2 10.4 16:49 1.5 05:49 14.8 0.0 0.0 10.0 40.3 12:19 103 21 6.2 12.3 17:24 1.4 05:24 13.8 0.0 0.0 7.6 34.2 11:34 102 22 10.1 18.2 16:29 3.2 06:24 9.9 0.0 0.0 3.9 24.5 12:34 117 23 12.7 23.3 16:39 4.8 06:09 7.3 0.0 0.0 4.0 30.6 11:19 118 24 15.2 23.9 16:39 7.8 06:14 4.8 0.0 0.0 4.0 24.5 19:49 197 25 13.2 17.5 11:54 8.8 23:59 6.8 0.0 0.0 10.6 36.7 15:24 273 26 5.8 11.2 16:39 1.4 03:09 14.2 0.0 6.6 14.0 50.0 15:14 94 27 6.6 11.5 15:49 2.4 05:54 13.4 0.0 0.0 9.3 47.9 10:39 94 28 7.2 11.9 15:55 3.3 06:30 12.8 0.0 0.0 9.1 47.9 10:55 98 29 8.8 14.8 17:00 3.3 06:10 11.2 0.0 0.0 6.1 35.6 15:50 102 30 11.3 21.0 15:30 4.0 06:30 8.7 0.0 0.0 3.1 19.4 13:45 138 31 13.1 20.2 16:30 6.1 06:55 6.9 0.0 0.0 3.3 23.4 16:45 147 --------------------------------------------------------------------------------------- 9.6 23.9 24 1.2 14 321.4 0.0 16.8 7.6 84.6 11 168 Updated: 13/08/19 15:31:01