MONTHLY CLIMATOLOGICAL SUMMARY for Apr 2019 NAME: Tosca, Varsi (Parma) ELEV: 650 metri LAT: 44-37.15 N LONG: 009-49.14 E TEMPERATURE (°C), RAIN (mm), WIND SPEED (km/h) HEAT COOL AVG MEAN DEG DEG WIND DOM DAY TEMP HIGH TIME LOW TIME DAYS DAYS RAIN SPEED HIGH TIME DIR --------------------------------------------------------------------------------------- 01 13.4 20.1 16:25 7.0 06:30 6.6 0.0 0.0 4.3 24.5 16:10 129 02 13.3 19.4 13:10 8.5 06:55 6.7 0.0 0.0 2.7 25.6 22:50 291 03 9.6 11.6 00:10 7.2 05:35 10.4 0.0 8.7 7.0 36.7 00:55 120 04 7.3 10.7 06:30 3.5 21:05 12.7 0.0 52.8 9.9 49.0 02:55 111 05 7.4 13.8 14:50 2.3 01:20 12.6 0.0 0.0 5.3 30.6 16:50 254 06 9.4 15.0 13:00 5.7 06:15 10.6 0.0 0.0 4.5 28.1 15:20 101 07 8.3 14.3 19:25 4.1 23:55 11.7 0.0 1.5 2.0 17.3 15:40 274 08 9.5 17.2 13:20 2.4 04:30 10.5 0.0 0.3 4.0 29.5 18:00 215 09 9.6 17.9 11:53 5.1 07:05 10.4 0.0 6.0 2.5 24.5 13:51 203 10 9.5 16.4 16:26 5.2 04:41 10.5 0.0 0.6 2.4 19.4 14:51 159 11 8.3 11.9 11:31 6.9 00:11 11.7 0.0 6.9 2.3 24.5 01:01 78 12 9.0 15.1 19:11 7.4 23:51 11.0 0.0 5.4 2.5 17.3 14:46 292 13 8.7 14.3 16:01 5.7 06:51 11.3 0.0 0.6 3.6 25.6 15:11 106 14 5.5 6.8 00:11 4.9 23:46 14.5 0.0 9.3 4.7 25.6 11:26 92 15 8.8 15.0 17:51 5.0 00:01 11.2 0.0 0.0 6.0 36.7 12:01 108 16 10.2 16.2 11:56 4.6 06:26 9.8 0.0 0.0 2.4 19.4 14:56 155 17 12.1 20.2 16:16 6.5 03:46 7.9 0.0 0.0 3.5 24.5 14:21 131 18 13.2 19.1 12:01 7.4 03:41 6.8 0.0 0.0 7.2 34.2 17:21 98 19 12.8 18.8 17:56 6.8 05:46 7.2 0.0 0.0 7.0 33.1 12:31 107 20 13.7 19.8 16:26 7.6 04:11 6.3 0.0 0.0 7.1 40.3 12:36 102 21 13.7 18.9 17:01 9.1 06:46 6.3 0.0 0.0 6.0 39.2 16:01 111 22 12.0 15.7 13:31 9.1 04:21 8.0 0.0 5.1 11.8 37.8 13:16 108 23 10.8 12.3 15:56 10.1 06:36 9.2 0.0 46.8 5.4 30.6 01:51 108 24 13.2 17.4 11:51 11.2 00:01 6.8 0.0 7.5 5.6 39.2 07:46 124 25 13.3 18.2 09:26 9.1 05:41 6.7 0.0 2.1 2.2 34.2 14:41 139 26 12.4 17.7 15:21 8.2 23:56 7.6 0.0 0.9 5.9 36.7 17:36 299 27 13.5 20.8 15:16 5.9 02:46 6.5 0.0 0.0 6.3 34.2 17:26 275 28 11.5 18.5 19:11 6.4 03:46 8.5 0.0 0.0 5.0 28.1 13:16 56 29 6.7 14.7 18:26 4.2 06:41 13.3 0.0 7.2 4.5 24.5 13:26 115 30 12.6 22.1 16:21 4.1 06:41 7.4 0.0 0.0 4.7 23.4 18:41 261 --------------------------------------------------------------------------------------- 10.6 22.1 30 2.3 05 280.5 0.0 161.7 4.9 49.0 04 114 Updated: 13/08/19 15:31:01