MONTHLY CLIMATOLOGICAL SUMMARY for May 2019 NAME: Tosca, Varsi (Parma) ELEV: 650 metri LAT: 44-37.15 N LONG: 009-49.14 E TEMPERATURE (°C), RAIN (mm), WIND SPEED (km/h) HEAT COOL AVG MEAN DEG DEG WIND DOM DAY TEMP HIGH TIME LOW TIME DAYS DAYS RAIN SPEED HIGH TIME DIR --------------------------------------------------------------------------------------- 01 13.9 20.6 11:46 7.4 06:36 6.1 0.0 2.4 4.5 31.7 20:41 252 02 12.2 16.6 12:56 8.0 04:16 7.8 0.0 0.0 12.3 79.6 22:31 278 03 12.0 17.9 17:51 9.1 23:31 8.0 0.0 7.2 5.2 31.7 02:21 257 04 11.8 17.7 18:26 6.9 06:16 8.2 0.0 2.7 4.5 34.2 20:26 280 05 4.3 10.9 00:01 1.5 11:56 15.7 0.0 42.9 5.0 30.6 00:51 128 06 8.8 18.9 18:21 2.6 04:56 11.2 0.0 0.6 3.5 22.0 21:01 122 07 10.1 15.7 10:46 3.2 05:16 9.9 0.0 0.0 8.2 42.8 15:41 268 08 10.4 13.1 13:46 8.1 04:46 9.6 0.0 0.6 4.5 28.1 16:31 263 09 13.0 22.3 17:46 7.9 04:46 7.0 0.0 10.8 3.6 23.4 20:56 296 10 14.0 20.9 18:01 7.8 04:11 6.0 0.0 0.0 4.0 30.6 19:21 263 11 12.5 18.4 15:11 6.5 21:01 7.5 0.0 9.3 6.8 42.8 13:56 268 12 7.7 8.9 16:21 6.3 00:21 12.3 0.0 29.7 5.1 35.6 21:06 41 13 10.2 14.0 12:21 7.2 00:56 9.8 0.0 5.7 4.7 34.2 02:46 98 14 11.8 17.2 16:21 6.6 23:56 8.2 0.0 0.0 6.7 28.1 14:21 95 15 6.4 14.0 18:31 2.8 05:31 13.6 0.0 1.5 4.1 27.0 10:21 113 16 9.9 17.1 15:16 2.7 04:41 10.1 0.0 4.5 3.3 23.4 12:11 114 17 11.2 18.4 12:11 6.2 03:31 8.8 0.0 3.3 3.8 23.4 13:56 115 18 9.8 10.8 17:01 8.6 09:21 10.2 0.0 22.8 7.1 33.1 09:16 102 19 11.1 14.6 17:31 9.4 06:11 8.9 0.0 10.8 1.3 12.2 13:31 303 20 11.6 15.7 13:26 9.2 05:56 8.4 0.0 1.2 8.1 50.0 17:36 273 21 14.5 19.8 16:01 9.7 00:01 5.5 0.0 0.3 12.1 45.4 11:51 264 22 14.9 22.6 18:16 9.9 03:16 5.1 0.0 0.0 8.8 35.6 17:11 274 23 16.2 24.7 13:21 10.2 03:51 3.8 0.0 3.9 3.4 19.4 15:21 254 24 15.4 24.5 12:21 9.7 05:36 4.6 0.0 14.4 2.2 20.9 15:26 197 25 15.9 25.6 17:56 9.7 05:31 4.1 0.0 15.0 2.9 29.5 19:31 157 26 13.4 17.3 12:41 10.3 03:46 6.6 0.0 1.8 4.1 25.6 22:31 104 27 12.7 13.5 00:26 11.6 22:11 7.3 0.0 12.3 6.7 28.1 04:01 100 28 14.6 21.6 13:31 10.3 22:26 5.4 0.0 19.2 4.7 47.9 15:16 290 29 11.5 15.4 12:46 9.0 06:21 8.5 0.0 16.2 2.6 20.9 09:26 303 30 15.3 23.0 19:26 8.0 05:16 4.7 0.0 0.0 4.1 22.0 15:56 119 31 17.4 29.2 19:41 9.3 06:01 2.6 0.0 0.0 2.8 17.3 12:26 73 --------------------------------------------------------------------------------------- 12.1 29.2 31 1.5 05 245.7 0.0 239.1 5.2 79.6 02 260 Updated: 13/08/19 15:31:01