MONTHLY CLIMATOLOGICAL SUMMARY for Jun 2019 NAME: Tosca, Varsi (Parma) ELEV: 650 metri LAT: 44-37.15 N LONG: 009-49.14 E TEMPERATURE (°C), RAIN (mm), WIND SPEED (km/h) HEAT COOL AVG MEAN DEG DEG WIND DOM DAY TEMP HIGH TIME LOW TIME DAYS DAYS RAIN SPEED HIGH TIME DIR --------------------------------------------------------------------------------------- 01 19.4 29.9 17:51 10.1 05:36 0.6 0.0 0.0 3.5 20.9 13:11 122 02 21.6 33.2 17:36 12.6 03:16 0.0 1.6 0.0 3.3 17.3 14:11 211 03 22.1 30.7 15:41 13.4 05:56 0.0 2.1 0.0 4.2 34.2 16:36 266 04 21.7 28.4 13:21 14.2 05:16 0.0 1.7 0.0 4.5 24.5 17:06 267 05 21.1 29.6 16:31 13.6 05:51 0.0 1.1 0.0 4.7 29.5 15:21 266 06 17.7 24.0 17:01 12.4 04:41 2.3 0.0 0.0 6.3 37.8 18:01 263 07 19.4 27.1 16:31 10.7 05:51 0.6 0.0 0.0 3.6 33.1 17:16 129 08 20.7 28.2 15:46 13.5 23:51 0.0 0.7 0.0 4.7 34.2 14:51 267 09 20.5 28.5 17:36 13.4 05:36 0.0 0.5 0.0 4.1 31.7 12:36 104 10 21.0 26.9 17:31 16.3 04:46 0.0 1.0 0.3 3.6 19.4 11:46 139 11 22.1 30.7 17:01 15.5 05:50 0.0 2.1 0.0 4.1 24.5 09:36 274 12 20.8 25.7 16:26 15.2 23:51 0.0 0.8 0.0 11.0 52.6 17:56 283 13 20.4 28.4 16:16 11.0 06:11 0.0 0.4 0.0 6.1 33.1 11:31 266 14 21.8 29.7 18:46 14.2 04:16 0.0 1.8 0.0 4.0 20.9 13:11 119 15 21.7 29.2 16:46 16.3 03:26 0.0 1.7 0.0 7.5 39.2 20:31 278 16 22.0 31.3 17:11 14.2 05:36 0.0 2.0 0.0 4.0 20.9 17:51 201 17 22.4 29.7 19:36 15.2 05:11 0.0 2.4 0.0 3.6 22.0 12:46 140 18 23.2 32.7 19:26 16.1 05:41 0.0 3.2 0.0 3.0 25.6 17:26 127 19 23.1 29.8 17:56 15.6 05:46 0.0 3.1 0.0 5.3 35.6 15:26 271 20 22.7 29.3 16:51 16.1 05:51 0.0 2.7 0.0 6.8 37.8 02:31 278 21 23.5 32.0 16:36 15.4 05:31 0.0 3.5 0.0 3.2 23.4 17:01 136 22 18.7 27.4 11:36 13.5 23:51 1.3 0.0 11.7 2.6 18.4 12:46 119 23 21.4 31.9 19:31 12.6 05:01 0.0 1.4 0.0 2.0 13.3 14:46 187 24 24.2 31.8 18:01 15.8 05:46 0.0 4.2 0.0 3.1 18.4 16:16 137 25 25.3 32.9 18:16 17.4 05:16 0.0 5.3 0.0 3.3 20.9 16:11 145 26 27.1 36.9 19:01 19.2 04:41 0.0 7.1 0.0 2.8 14.8 11:56 143 27 29.1 41.5 18:01 19.9 05:56 0.0 9.1 0.0 2.2 12.2 15:56 190 28 29.3 36.7 17:21 23.5 00:11 0.0 9.3 0.0 3.9 19.4 14:16 132 29 25.7 32.5 18:26 20.4 23:46 0.0 5.7 0.0 3.1 20.9 12:21 111 30 26.2 36.1 18:56 18.0 05:26 0.0 6.2 0.0 3.0 20.9 13:51 136 --------------------------------------------------------------------------------------- 22.5 41.5 27 10.1 01 4.8 80.6 12.0 4.2 52.6 12 238 Updated: 13/08/19 15:31:01