MONTHLY CLIMATOLOGICAL SUMMARY for Jul 2019 NAME: Tosca, Varsi (Parma) ELEV: 650 metri LAT: 44-37.15 N LONG: 009-49.14 E TEMPERATURE (°C), RAIN (mm), WIND SPEED (km/h) HEAT COOL AVG MEAN DEG DEG WIND DOM DAY TEMP HIGH TIME LOW TIME DAYS DAYS RAIN SPEED HIGH TIME DIR --------------------------------------------------------------------------------------- 01 25.7 34.1 12:36 19.8 23:56 0.0 5.7 0.0 3.7 34.2 18:16 244 02 26.3 36.1 16:56 19.0 05:56 0.0 6.3 0.0 2.9 15.8 16:11 148 03 24.3 31.7 10:51 18.9 05:36 0.0 4.3 0.3 2.5 25.6 21:36 148 04 23.7 32.7 19:01 16.0 05:36 0.0 3.7 0.0 3.7 20.9 15:41 120 05 25.4 32.2 16:16 17.5 05:56 0.0 5.4 0.0 4.7 24.5 20:51 265 06 24.8 31.2 15:46 18.4 04:31 0.0 4.8 0.0 10.6 60.1 22:41 283 07 23.8 28.6 15:01 19.2 04:31 0.0 3.8 0.0 14.0 56.2 19:56 285 08 24.5 30.6 18:31 17.9 05:36 0.0 4.5 0.0 5.7 39.2 21:06 277 09 20.8 28.1 10:31 16.8 14:01 0.0 0.8 12.9 3.9 39.2 14:16 243 10 19.9 28.5 19:16 16.2 23:51 0.1 0.0 0.0 4.5 25.6 13:21 127 11 20.6 26.1 15:06 15.0 04:46 0.0 0.6 0.0 2.5 23.4 19:26 275 12 23.1 31.4 18:31 16.3 06:11 0.0 3.1 0.0 3.6 36.7 20:51 302 13 23.1 31.9 19:06 16.5 05:46 0.0 3.1 0.0 3.3 20.9 15:26 103 14 19.1 26.1 13:11 15.1 02:46 0.9 0.0 4.5 2.0 17.3 13:31 168 15 15.3 19.9 19:46 13.5 07:06 4.7 0.0 17.7 5.5 35.6 14:06 111 16 20.4 31.1 17:56 13.5 04:16 0.0 0.4 0.0 3.7 22.0 12:41 147 17 22.2 28.9 17:01 14.6 04:26 0.0 2.2 0.0 4.6 27.0 17:11 273 18 19.6 27.6 16:01 15.4 03:46 0.4 0.0 1.5 2.5 17.3 10:46 219 19 22.0 31.1 18:36 15.0 05:56 0.0 2.0 0.0 2.9 15.8 17:56 220 20 23.4 30.6 16:41 15.4 06:01 0.0 3.4 0.0 5.3 27.0 20:26 267 21 24.0 30.4 17:36 17.8 05:21 0.0 4.0 0.0 6.9 27.0 11:51 270 22 25.0 32.7 18:46 17.4 04:36 0.0 5.0 0.0 2.8 15.8 14:41 141 23 26.5 37.1 18:46 19.2 04:56 0.0 6.5 0.0 3.1 17.3 11:56 194 24 27.6 36.7 18:01 20.1 06:01 0.0 7.6 0.0 2.7 15.8 15:21 177 25 27.8 37.2 19:16 21.4 04:56 0.0 7.8 0.0 2.5 14.8 11:26 187 26 26.9 33.8 17:41 20.3 05:11 0.0 6.9 0.0 4.8 45.4 13:01 275 27 22.3 30.7 17:01 15.9 23:51 0.0 2.3 8.7 4.8 31.7 15:31 270 28 19.4 27.2 15:41 15.3 00:41 0.6 0.0 3.6 3.8 31.7 21:36 274 29 22.7 30.8 12:36 16.7 03:26 0.0 2.7 0.0 5.9 29.5 14:56 291 30 24.0 30.7 13:51 17.2 03:46 0.0 4.0 0.0 4.9 29.5 15:01 273 31 22.6 29.6 18:16 16.2 05:46 0.0 2.6 0.0 6.5 39.2 13:56 275 --------------------------------------------------------------------------------------- 23.1 37.2 25 13.5 15 6.8 103.7 49.2 4.5 60.1 06 264 Updated: 13/08/19 15:31:01