MONTHLY CLIMATOLOGICAL SUMMARY for Aug 2019 NAME: Tosca, Varsi (Parma) ELEV: 650 metri LAT: 44-37.15 N LONG: 009-49.14 E TEMPERATURE (°C), RAIN (mm), WIND SPEED (km/h) HEAT COOL AVG MEAN DEG DEG WIND DOM DAY TEMP HIGH TIME LOW TIME DAYS DAYS RAIN SPEED HIGH TIME DIR --------------------------------------------------------------------------------------- 01 23.5 32.6 16:56 16.4 05:16 0.0 3.5 0.0 4.4 25.6 20:16 301 02 21.7 29.2 10:56 14.7 23:06 0.0 1.7 3.0 4.3 33.1 16:21 230 03 22.4 31.9 17:41 14.2 05:56 0.0 2.4 0.0 3.4 15.8 16:41 145 04 23.2 31.2 18:21 15.8 04:36 0.0 3.2 0.0 3.3 18.4 15:46 141 05 24.4 33.4 17:16 17.2 05:41 0.0 4.4 0.0 4.4 24.5 19:56 256 06 23.6 30.8 16:56 17.6 06:21 0.0 3.6 0.0 5.9 29.5 10:41 276 07 23.3 29.8 17:06 17.0 05:11 0.0 3.3 0.0 5.0 31.7 15:36 271 08 22.3 28.9 18:41 18.1 05:31 0.0 2.3 11.4 2.4 14.8 14:46 145 09 24.1 30.3 18:51 18.1 05:11 0.0 4.1 0.0 2.3 13.3 19:16 182 10 25.5 32.8 17:56 19.3 06:16 0.0 5.5 0.0 5.7 31.7 15:01 261 11 26.5 34.6 17:36 19.0 05:36 0.0 6.5 0.0 3.5 28.1 15:16 206 12 25.5 33.3 13:41 20.5 03:01 0.0 5.5 0.0 6.3 41.8 16:51 258 13 22.9 30.1 17:51 17.4 06:16 0.0 2.9 0.0 3.9 23.4 16:31 139 14 20.9 26.8 17:46 15.8 23:56 0.0 0.9 0.0 4.7 24.5 18:11 113 15 20.1 28.0 17:26 13.6 06:11 0.0 0.1 0.0 2.9 18.4 15:16 146 16 20.9 28.5 18:16 14.3 06:46 0.0 0.9 0.0 4.4 27.0 13:51 112 17 21.6 29.1 19:01 16.0 05:21 0.0 1.6 0.0 2.6 17.3 14:56 150 18 22.9 30.5 16:11 15.1 06:11 0.0 2.9 0.0 4.9 25.6 16:01 265 19 23.8 31.6 17:41 16.5 02:26 0.0 3.8 0.0 4.5 23.4 16:31 264 20 24.6 32.8 12:11 17.4 06:51 0.0 4.6 0.0 3.4 25.6 14:36 175 21 24.1 30.3 12:56 18.0 05:31 0.0 4.1 0.0 3.7 23.4 14:56 129 22 21.8 28.6 17:06 17.7 03:56 0.0 1.8 0.0 4.3 23.4 12:41 106 23 20.8 26.4 15:06 17.8 00:11 0.0 0.8 0.0 4.0 28.1 15:16 117 24 21.7 29.1 15:51 17.8 05:16 0.0 1.7 0.0 3.4 36.7 12:16 106 25 21.9 31.8 19:06 15.1 06:46 0.0 1.9 6.3 3.3 27.0 00:01 116 26 22.6 30.7 18:56 17.1 04:36 0.0 2.6 0.0 2.8 20.9 14:41 146 27 23.2 30.3 12:56 17.0 06:16 0.0 3.2 0.0 3.3 23.4 17:56 132 28 21.0 25.8 12:31 16.6 23:41 0.0 1.0 0.6 2.5 23.4 15:06 130 29 21.8 29.7 12:31 15.6 05:01 0.0 1.8 0.3 2.3 19.4 14:21 164 30 23.1 30.6 12:11 17.5 05:21 0.0 3.1 0.0 2.9 24.5 13:51 153 31 23.0 29.6 13:26 18.0 06:11 0.0 3.0 0.0 3.3 23.4 14:21 115 --------------------------------------------------------------------------------------- 22.9 34.6 11 13.6 15 0.0 88.8 21.6 3.8 41.8 12 168 Updated: 31/08/19 23:56:02