MONTHLY CLIMATOLOGICAL SUMMARY for Sep 2019 NAME: Tosca, Varsi (Parma) ELEV: 650 metri LAT: 44-37.15 N LONG: 009-49.14 E TEMPERATURE (°C), RAIN (mm), WIND SPEED (km/h) HEAT COOL AVG MEAN DEG DEG WIND DOM DAY TEMP HIGH TIME LOW TIME DAYS DAYS RAIN SPEED HIGH TIME DIR --------------------------------------------------------------------------------------- 01 21.6 29.3 18:16 17.3 06:56 0.0 1.6 12.3 2.6 49.0 15:06 193 02 21.2 27.9 12:51 16.9 06:26 0.0 1.2 0.3 2.8 18.4 15:36 154 03 20.0 25.7 16:21 15.6 23:36 0.0 0.0 0.0 4.7 27.0 11:41 110 04 19.6 28.5 16:56 13.4 06:46 0.4 0.0 0.0 3.3 22.0 11:56 134 05 19.8 27.3 18:36 13.9 05:26 0.2 0.0 0.0 2.7 17.3 17:51 175 06 14.8 17.9 00:11 13.0 23:26 5.2 0.0 15.9 3.3 27.0 07:31 112 07 16.2 25.2 17:51 10.5 06:51 3.8 0.0 0.0 1.9 14.8 13:01 228 08 13.9 19.9 15:16 10.4 20:26 6.1 0.0 28.2 2.8 17.3 11:01 264 09 15.3 23.1 11:56 7.9 06:56 4.7 0.0 0.0 4.1 30.6 14:51 263 10 15.9 21.4 13:01 10.8 03:06 4.1 0.0 0.0 3.5 19.4 12:16 126 11 17.6 28.3 17:51 12.0 06:46 2.4 0.0 0.0 2.0 14.8 15:01 166 12 19.2 29.3 17:06 12.8 04:26 0.8 0.0 0.0 2.6 15.8 13:41 162 13 20.1 29.4 18:11 13.7 07:16 0.0 0.1 0.0 2.5 15.8 13:36 142 14 19.9 28.9 18:11 14.0 04:21 0.1 0.0 0.0 3.5 20.9 12:36 117 15 20.1 29.0 18:01 14.3 06:31 0.0 0.1 0.0 2.6 15.8 13:11 156 16 21.6 28.7 16:46 15.2 06:36 0.0 1.6 0.0 2.8 19.4 19:01 247 17 20.5 26.9 11:46 15.2 06:36 0.0 0.5 0.0 5.6 28.1 16:31 279 18 19.3 25.6 11:36 14.4 07:01 0.7 0.0 15.3 2.5 20.9 18:11 127 19 14.2 15.3 14:21 12.0 23:56 5.8 0.0 0.3 2.2 18.4 02:46 215 20 13.8 18.7 18:16 10.5 23:56 6.2 0.0 0.0 3.0 15.8 17:16 135 21 13.2 19.2 12:51 7.9 06:51 6.8 0.0 0.0 2.8 18.4 17:21 144 22 12.2 14.7 13:01 11.1 07:56 7.8 0.0 5.7 1.1 9.7 14:26 138 23 13.0 17.8 15:51 10.9 23:46 7.0 0.0 8.7 2.0 22.0 07:11 273 24 16.1 22.8 17:11 10.5 01:11 3.9 0.0 0.3 2.4 14.8 15:06 200 25 16.4 21.0 10:56 13.2 23:51 3.6 0.0 4.5 2.9 17.3 16:01 140 26 16.7 23.9 12:46 12.0 06:56 3.3 0.0 0.3 2.3 12.2 12:16 161 27 16.4 21.2 12:51 12.1 04:51 3.6 0.0 0.0 3.1 24.5 13:36 212 28 18.2 24.5 17:11 13.7 22:11 1.8 0.0 0.0 4.6 25.6 02:01 89 29 16.7 22.4 13:16 12.7 03:06 3.3 0.0 0.0 4.3 22.0 13:26 354 30 19.1 24.0 12:36 13.1 23:11 0.9 0.0 0.0 8.1 41.8 01:06 278 --------------------------------------------------------------------------------------- 17.4 29.4 13 7.9 09 82.5 5.0 91.8 3.2 49.0 01 186 Updated: 30/09/19 23:56:02