MONTHLY CLIMATOLOGICAL SUMMARY for Oct 2019 NAME: Tosca, Varsi (Parma) ELEV: 650 metri LAT: 44-37.15 N LONG: 009-49.14 E TEMPERATURE (°C), RAIN (mm), WIND SPEED (km/h) HEAT COOL AVG MEAN DEG DEG WIND DOM DAY TEMP HIGH TIME LOW TIME DAYS DAYS RAIN SPEED HIGH TIME DIR --------------------------------------------------------------------------------------- 01 17.2 24.1 12:36 12.4 00:36 2.8 0.0 0.0 2.4 15.8 23:06 144 02 17.0 25.4 17:16 12.7 23:51 3.0 0.0 9.0 5.1 28.1 03:21 275 03 12.6 19.8 17:26 6.3 23:26 7.4 0.0 0.0 5.5 30.6 12:41 166 04 11.3 19.4 10:31 6.3 02:01 8.7 0.0 0.0 3.2 28.1 13:51 230 05 13.7 22.5 13:26 7.9 07:30 6.3 0.0 0.0 2.0 11.2 11:41 179 06 13.4 19.2 10:31 8.6 07:31 6.6 0.0 0.0 2.7 18.4 15:51 146 07 11.2 16.0 17:46 8.4 23:21 8.8 0.0 8.1 3.0 22.0 11:06 156 08 12.1 19.9 10:26 6.8 07:26 7.9 0.0 0.3 2.0 14.8 15:16 159 09 13.1 18.0 10:11 9.5 06:11 6.9 0.0 3.0 3.0 27.0 16:11 121 10 13.5 20.4 17:26 10.1 23:56 6.5 0.0 0.3 2.0 18.4 12:51 220 11 12.4 18.0 16:41 7.5 03:11 7.6 0.0 0.0 1.5 12.2 16:26 170 12 13.2 18.6 13:21 9.6 07:31 6.8 0.0 0.0 1.8 20.9 15:31 136 13 14.4 17.8 14:01 12.1 23:06 5.6 0.0 0.0 1.0 8.6 12:31 265 14 14.9 20.7 11:16 12.0 07:36 5.1 0.0 0.0 1.5 15.8 15:06 141 15 14.6 17.4 13:11 12.9 03:16 5.4 0.0 24.3 4.9 39.2 11:26 129 16 13.6 19.4 16:41 9.7 06:41 6.4 0.0 0.0 4.0 30.6 01:26 249 17 12.5 17.2 11:01 9.1 05:31 7.5 0.0 0.0 3.4 27.0 18:21 225 18 14.0 17.7 13:31 11.2 00:41 6.0 0.0 0.0 2.3 15.8 14:56 120 19 15.5 18.3 16:01 13.0 00:56 4.5 0.0 0.0 4.1 28.1 18:41 92 20 16.1 20.8 12:01 13.5 08:26 3.9 0.0 0.0 3.8 31.7 05:06 103 21 18.1 22.9 13:56 14.7 01:31 1.9 0.0 2.7 4.9 36.7 06:21 109 22 15.7 17.3 13:11 14.1 06:26 4.3 0.0 0.0 1.0 11.2 13:56 324 23 16.0 20.3 12:26 14.1 09:31 4.0 0.0 0.0 1.9 14.8 15:16 95 24 13.5 15.5 00:11 12.3 14:56 6.5 0.0 33.9 1.4 12.2 12:46 353 25 14.0 17.7 14:01 11.7 23:36 6.0 0.0 5.7 1.8 19.4 14:16 109 26 14.2 21.6 12:11 10.4 07:06 5.8 0.0 0.0 1.6 9.7 11:26 179 27 15.1 25.5 11:06 10.9 02:46 4.9 0.0 0.0 2.1 9.7 14:01 179 28 14.9 19.6 09:41 12.1 01:46 5.1 0.0 0.0 2.5 24.5 13:21 162 29 14.8 17.7 14:16 13.6 21:46 5.2 0.0 0.3 2.5 24.5 14:16 262 30 12.2 14.7 12:11 9.5 21:36 7.8 0.0 2.1 1.6 11.2 12:51 308 31 8.5 9.6 00:01 7.8 23:31 11.5 0.0 0.6 2.0 11.2 12:51 302 --------------------------------------------------------------------------------------- 14.0 25.5 27 6.3 03 186.5 0.0 90.3 2.7 39.2 15 170 Updated: 31/10/19 23:56:02