MONTHLY CLIMATOLOGICAL SUMMARY for Nov 2019 NAME: Tosca, Varsi (Parma) ELEV: 650 metri LAT: 44-37.15 N LONG: 009-49.14 E TEMPERATURE (°C), RAIN (mm), WIND SPEED (km/h) HEAT COOL AVG MEAN DEG DEG WIND DOM DAY TEMP HIGH TIME LOW TIME DAYS DAYS RAIN SPEED HIGH TIME DIR --------------------------------------------------------------------------------------- 01 8.2 9.4 11:31 7.2 05:46 11.8 0.0 0.3 1.9 12.2 11:11 295 02 8.1 8.9 14:21 7.6 21:21 11.9 0.0 9.3 1.7 9.7 02:36 303 03 10.0 12.5 16:11 7.4 02:50 10.0 0.0 66.9 3.8 36.7 14:11 360 04 12.8 15.6 11:01 8.4 00:56 7.2 0.0 0.0 8.1 49.0 13:06 276 05 12.8 16.3 11:56 10.3 23:46 7.2 0.0 10.5 6.3 37.8 14:26 28 06 8.7 11.2 12:41 3.9 23:46 11.3 0.0 1.5 4.3 45.4 06:11 293 07 7.3 12.1 15:13 2.9 05:41 12.7 0.0 6.0 2.3 25.6 23:29 153 08 8.0 11.6 14:25 6.2 23:23 12.0 0.0 23.4 3.3 29.5 15:02 199 09 6.7 15.3 11:21 3.5 21:06 13.3 0.0 0.3 2.3 22.0 13:06 144 10 6.0 11.1 10:51 2.3 05:31 14.0 0.0 0.3 2.3 17.3 14:21 107 11 5.8 7.0 12:51 5.1 18:36 14.2 0.0 9.9 2.6 14.8 12:51 98 12 6.2 7.4 19:46 5.1 07:01 13.8 0.0 4.5 1.2 12.2 08:26 301 13 6.0 11.8 10:56 1.5 23:47 14.0 0.0 1.5 2.8 23.4 12:16 229 14 5.5 9.6 14:37 1.2 06:58 14.5 0.0 0.6 3.4 19.4 14:48 127 15 6.8 11.1 09:33 4.0 22:58 13.2 0.0 35.1 2.4 37.8 05:33 104 16 5.4 10.5 12:33 1.7 23:53 14.6 0.0 25.8 3.0 31.7 22:23 122 17 2.9 7.1 15:03 0.4 02:58 17.1 0.0 34.5 2.6 23.4 15:48 176 18 4.0 8.7 11:03 1.0 23:53 16.0 0.0 36.3 1.7 15.8 13:43 166 19 5.0 7.1 15:34 0.6 00:38 15.0 0.0 42.6 0.9 7.2 02:53 168 20 7.8 11.7 14:54 6.0 02:19 12.2 0.0 0.3 1.5 11.2 16:23 142 21 7.6 10.6 12:04 5.2 07:54 12.4 0.0 0.6 1.3 14.8 00:49 185 22 7.2 9.9 14:14 5.9 00:09 12.8 0.0 4.5 0.9 9.7 15:34 306 23 8.1 8.9 21:49 6.8 00:04 11.9 0.0 62.1 2.9 19.4 05:09 115 24 10.1 12.3 15:04 8.6 05:39 9.9 0.0 14.4 7.4 40.3 22:54 120 25 10.2 14.7 14:09 7.4 23:29 9.8 0.0 5.1 5.9 40.3 02:49 122 26 10.9 14.7 11:49 7.5 01:04 9.1 0.0 0.0 3.7 24.5 11:09 170 27 9.6 11.2 08:44 7.4 23:09 10.4 0.0 26.4 2.5 19.4 08:19 239 28 9.1 12.8 14:14 6.6 02:19 10.9 0.0 0.0 3.2 28.1 14:14 205 29 8.9 14.4 14:49 6.0 23:24 11.1 0.0 0.0 3.4 29.5 12:39 202 30 7.5 15.4 11:39 1.6 23:09 12.5 0.0 0.0 1.9 20.9 01:04 180 --------------------------------------------------------------------------------------- 7.8 16.3 05 0.4 17 366.9 0.0 422.7 3.1 49.0 04 146 Updated: 30/11/19 23:59:01