MONTHLY CLIMATOLOGICAL SUMMARY for Dec 2019 NAME: Tosca, Varsi (Parma) ELEV: 650 metri LAT: 44-37.15 N LONG: 009-49.14 E TEMPERATURE (°C), RAIN (mm), WIND SPEED (km/h) HEAT COOL AVG MEAN DEG DEG WIND DOM DAY TEMP HIGH TIME LOW TIME DAYS DAYS RAIN SPEED HIGH TIME DIR --------------------------------------------------------------------------------------- 01 3.8 4.9 12:00 2.3 00:14 16.2 0.0 17.1 1.4 17.3 16:36 294 02 4.9 6.6 15:21 3.5 05:01 15.1 0.0 16.5 1.6 17.3 22:21 345 03 4.6 6.3 13:11 0.6 23:36 15.4 0.0 0.6 4.7 20.9 18:16 119 04 1.2 7.1 11:46 -0.7 07:41 18.8 0.0 0.0 2.3 15.8 11:51 156 05 0.8 5.4 13:57 -1.5 06:51 19.2 0.0 0.0 0.9 7.2 12:37 184 06 3.7 7.1 13:49 0.3 00:04 16.3 0.0 0.0 0.6 7.2 09:34 294 07 7.5 11.8 11:29 2.6 02:29 12.5 0.0 0.3 6.8 42.8 12:24 229 08 7.2 9.6 13:04 5.2 00:24 12.8 0.0 0.0 1.6 13.3 20:04 240 09 6.6 9.2 04:39 3.3 21:24 13.4 0.0 0.0 2.4 30.6 04:34 217 10 6.3 13.1 11:44 2.6 23:49 13.7 0.0 0.0 3.7 24.5 01:09 181 11 2.7 11.4 11:29 -0.2 08:24 17.3 0.0 0.0 1.4 9.7 15:04 183 12 -0.9 1.4 13:55 -2.8 17:55 20.9 0.0 0.0 0.7 6.1 03:50 223 13 0.7 6.1 23:15 -1.8 05:30 19.3 0.0 0.9 6.2 43.9 19:25 289 14 8.6 13.5 12:50 1.6 07:00 11.4 0.0 0.0 7.9 45.4 13:20 244 15 9.4 12.0 14:35 6.8 07:05 10.6 0.0 0.0 3.6 33.1 14:35 139 16 7.6 10.8 05:45 5.2 22:20 12.4 0.0 0.0 1.9 20.9 08:55 197 17 6.4 10.3 16:56 5.0 00:30 13.6 0.0 13.2 1.1 17.3 16:41 101 18 7.7 10.4 14:11 5.9 05:31 12.3 0.0 1.5 1.2 12.2 01:46 226 19 8.4 9.8 12:01 7.3 00:16 11.6 0.0 3.3 1.1 9.7 11:36 222 20 9.9 12.6 21:21 7.7 00:21 10.1 0.0 39.0 7.4 58.7 21:26 103 21 10.5 12.5 01:31 8.9 09:06 9.5 0.0 18.3 8.4 45.4 20:56 293 22 9.1 14.1 12:56 5.1 06:11 10.9 0.0 19.5 7.8 31.7 16:21 279 23 9.9 13.0 13:56 7.8 02:56 10.1 0.0 0.0 13.8 35.6 15:01 285 24 9.7 13.8 11:46 5.5 07:56 10.3 0.0 0.0 8.8 39.2 15:21 261 25 8.3 15.0 12:11 5.5 08:36 11.7 0.0 0.0 2.0 14.8 01:31 170 26 6.0 12.4 11:56 2.9 22:51 14.0 0.0 0.0 1.2 6.1 02:26 174 27 4.5 10.6 12:51 1.6 23:41 15.5 0.0 0.0 1.3 7.2 01:01 175 28 2.6 8.5 12:53 0.2 23:58 17.4 0.0 0.0 1.3 7.2 21:23 167 29 1.3 10.0 12:08 -2.4 23:43 18.7 0.0 0.0 0.7 6.1 20:08 167 30 -1.6 2.3 14:08 -4.8 07:48 21.6 0.0 0.0 0.5 7.2 11:18 224 31 5.8 14.5 11:48 0.0 00:03 14.2 0.0 0.0 1.0 5.0 08:03 176 --------------------------------------------------------------------------------------- 5.6 15.0 25 -4.8 30 446.7 0.0 130.2 3.4 58.7 20 246 Updated: 31/12/19 23:58:01