MONTHLY CLIMATOLOGICAL SUMMARY for Feb 2020 NAME: Tosca, Varsi (Parma) ELEV: 650 metri LAT: 44-37.15 N LONG: 009-49.14 E TEMPERATURE (°C), RAIN (mm), WIND SPEED (km/h) HEAT COOL AVG MEAN DEG DEG WIND DOM DAY TEMP HIGH TIME LOW TIME DAYS DAYS RAIN SPEED HIGH TIME DIR --------------------------------------------------------------------------------------- 01 9.7 11.5 14:40 7.7 03:30 10.3 0.0 0.9 4.0 34.2 15:40 272 02 10.2 13.1 12:35 7.2 07:45 9.8 0.0 0.0 7.6 40.3 11:00 251 03 13.9 21.4 15:40 7.8 00:00 6.1 0.0 0.0 4.4 34.2 12:20 224 04 10.2 14.9 10:00 4.9 22:25 9.8 0.0 0.3 16.4 60.1 15:55 286 05 6.7 10.3 11:45 1.9 23:55 13.3 0.0 0.0 13.0 72.4 12:50 307 06 4.1 13.4 11:06 0.3 00:35 15.9 0.0 0.0 2.0 13.3 12:36 195 07 5.3 11.4 14:41 1.4 01:46 14.7 0.0 0.0 4.5 29.5 13:46 253 08 4.7 12.8 11:01 0.3 07:51 15.3 0.0 0.0 1.5 12.2 15:31 191 09 6.0 10.4 11:26 1.6 06:36 14.0 0.0 1.2 3.1 39.2 20:31 148 10 10.9 13.2 18:56 7.1 00:01 9.1 0.0 0.3 16.2 58.7 12:11 259 11 13.8 17.9 11:46 9.7 23:56 6.2 0.0 0.0 15.0 51.5 00:31 268 12 8.2 17.0 11:31 3.1 07:16 11.8 0.0 0.0 2.7 24.5 02:21 211 13 7.1 11.8 11:41 3.0 06:16 12.9 0.0 1.2 4.7 40.3 21:31 67 14 8.4 19.1 11:26 2.1 07:42 11.6 0.0 0.0 2.6 29.5 00:21 217 15 8.2 17.6 10:51 3.7 06:51 11.8 0.0 0.0 1.8 14.8 14:01 195 16 8.6 15.8 11:46 4.0 07:26 11.4 0.0 0.0 3.2 27.0 12:56 250 17 9.1 10.9 11:21 7.7 03:51 10.9 0.0 0.6 5.6 30.6 22:36 28 18 9.1 14.4 16:21 4.1 22:56 10.9 0.0 0.0 2.2 23.4 02:36 246 19 7.7 14.7 11:46 2.6 07:46 12.3 0.0 0.0 2.9 22.0 13:46 242 20 6.5 15.3 10:46 1.4 06:56 13.5 0.0 0.0 2.2 17.3 12:01 155 21 7.8 18.3 11:21 2.8 06:51 12.2 0.0 0.0 2.1 13.3 03:01 156 22 7.2 13.6 14:47 2.8 03:26 12.8 0.0 0.0 2.2 23.4 15:30 180 23 10.0 13.0 13:02 6.5 00:57 10.0 0.0 0.0 16.1 70.9 12:32 264 24 12.0 23.4 11:52 5.9 05:57 8.0 0.0 0.0 3.6 47.9 00:27 274 25 10.5 12.6 10:47 8.2 23:57 9.5 0.0 0.0 8.4 57.6 14:02 270 26 8.2 13.3 12:02 4.4 23:57 11.8 0.0 0.0 14.2 52.6 13:07 281 27 5.6 10.6 12:21 -0.2 06:27 14.4 0.0 0.0 7.7 46.4 19:06 281 28 7.8 17.6 16:12 3.3 00:36 12.2 0.0 0.0 7.3 70.9 06:01 304 29 6.8 11.8 10:52 3.5 00:02 13.2 0.0 3.3 3.2 27.0 14:17 228 --------------------------------------------------------------------------------------- 8.4 23.4 24 -0.2 27 335.8 0.0 7.8 6.2 72.4 05 271 Updated: 29/02/20 23:57:01