MONTHLY CLIMATOLOGICAL SUMMARY for Apr 2020 NAME: Tosca, Varsi (Parma) ELEV: 650 metri LAT: 44-37.15 N LONG: 009-49.14 E TEMPERATURE (°C), RAIN (mm), WIND SPEED (km/h) HEAT COOL AVG MEAN DEG DEG WIND DOM DAY TEMP HIGH TIME LOW TIME DAYS DAYS RAIN SPEED HIGH TIME DIR --------------------------------------------------------------------------------------- 01 3.5 10.5 17:37 -0.9 07:27 16.5 0.0 0.0 4.9 25.6 12:48 89 02 5.3 14.0 17:08 -1.9 07:03 14.7 0.0 0.0 3.2 25.6 16:13 97 03 8.0 16.4 17:33 1.4 06:18 12.0 0.0 0.0 3.7 25.6 15:58 45 04 10.4 19.0 17:53 3.4 05:48 9.6 0.0 0.0 3.8 25.6 13:58 97 05 10.1 16.2 17:28 3.9 07:08 9.9 0.0 0.0 6.7 33.1 16:08 107 06 12.0 18.0 17:08 5.6 07:13 8.0 0.0 0.0 5.8 35.6 13:33 117 07 13.4 20.1 16:28 6.6 06:28 6.6 0.0 0.0 4.4 27.0 13:33 66 08 12.9 20.6 16:23 5.4 06:48 7.1 0.0 0.0 4.6 30.6 14:38 111 09 14.4 23.9 17:28 7.0 04:23 5.6 0.0 0.0 3.4 24.5 13:18 135 10 15.4 24.0 17:18 7.8 07:03 4.6 0.0 0.0 3.8 23.4 16:23 110 11 17.0 25.1 16:33 9.7 06:28 3.0 0.0 0.0 4.0 23.4 12:53 280 12 15.6 22.2 11:03 8.4 05:18 4.4 0.0 0.0 7.4 39.2 14:38 270 13 14.7 20.7 12:38 10.1 06:43 5.3 0.0 0.0 6.7 41.8 22:18 265 14 13.5 23.0 16:53 5.4 23:58 6.5 0.0 0.0 5.3 33.1 18:13 300 15 8.9 16.9 17:53 1.7 04:38 11.1 0.0 0.0 4.1 29.5 15:58 115 16 12.1 20.5 18:13 3.8 04:28 7.9 0.0 0.0 3.0 25.6 20:58 285 17 14.5 23.9 17:23 6.6 05:43 5.5 0.0 0.0 3.3 18.4 19:08 273 18 16.1 25.2 16:08 9.6 04:08 3.9 0.0 0.0 3.3 18.4 14:58 271 19 15.4 22.6 13:43 9.5 06:38 4.6 0.0 5.4 2.5 17.3 14:43 331 20 10.8 13.2 00:03 8.3 22:58 9.2 0.0 29.7 10.8 34.2 19:03 105 21 8.3 9.8 16:23 7.1 07:58 11.7 0.0 8.4 11.9 37.8 07:38 102 22 11.3 17.0 17:29 7.6 23:59 8.7 0.0 0.0 10.4 39.2 09:54 110 23 13.0 20.6 17:39 6.0 05:54 7.0 0.0 0.0 4.4 25.6 16:49 111 24 15.0 24.5 15:29 5.8 06:19 5.0 0.0 0.0 6.3 42.8 22:19 271 25 15.5 20.0 15:44 11.7 05:24 4.5 0.0 0.0 13.5 63.7 10:44 258 26 15.2 21.2 17:34 8.9 06:14 4.8 0.0 0.0 7.9 34.2 00:29 271 27 14.6 21.0 15:59 10.4 01:34 5.4 0.0 0.0 7.0 34.2 21:44 273 28 13.1 17.6 13:39 9.7 04:19 6.9 0.0 2.4 3.5 30.6 13:29 209 29 13.0 20.0 10:54 9.0 23:59 7.0 0.0 24.3 5.9 34.2 18:34 269 30 12.4 17.4 11:44 7.8 01:19 7.6 0.0 0.9 6.2 49.0 19:54 326 --------------------------------------------------------------------------------------- 12.5 25.2 18 -1.9 02 224.5 0.0 71.1 5.7 63.7 25 140 Updated: 30/04/20 23:59:01