MONTHLY CLIMATOLOGICAL SUMMARY for May 2020 NAME: Tosca, Varsi (Parma) ELEV: 650 metri LAT: 44-37.15 N LONG: 009-49.14 E TEMPERATURE (°C), RAIN (mm), WIND SPEED (km/h) HEAT COOL AVG MEAN DEG DEG WIND DOM DAY TEMP HIGH TIME LOW TIME DAYS DAYS RAIN SPEED HIGH TIME DIR --------------------------------------------------------------------------------------- 01 13.8 17.7 12:44 10.4 06:09 4.6 0.0 0.0 8.0 40.3 12:19 261 02 16.9 24.1 18:09 9.5 06:19 1.5 0.0 0.0 4.4 29.5 20:49 266 03 16.4 24.9 17:59 10.2 23:59 1.9 0.0 0.0 4.5 31.7 11:44 136 04 16.6 25.6 17:19 9.1 06:09 1.7 0.0 0.0 4.4 27.0 19:54 243 05 15.1 19.6 17:24 9.8 03:19 3.3 0.0 0.0 8.5 45.4 14:34 285 06 15.2 21.0 17:44 9.8 23:59 3.1 0.0 0.0 5.5 29.5 14:39 101 07 15.9 26.8 18:19 6.8 06:09 2.5 0.0 0.0 2.8 20.9 10:49 153 08 18.1 26.7 16:24 10.9 02:19 0.2 0.0 0.0 3.8 29.5 18:19 270 09 17.8 25.1 16:39 10.5 03:39 0.6 0.0 0.0 5.3 28.1 18:59 269 10 17.6 23.8 12:14 12.6 05:29 0.7 0.0 0.3 3.5 22.0 13:29 102 11 13.4 18.0 09:44 10.4 04:34 5.0 0.0 16.8 7.4 31.7 12:59 95 12 15.7 22.8 18:29 11.6 23:59 2.7 0.0 0.6 5.1 35.6 07:39 283 13 13.8 18.4 12:49 10.8 04:19 4.5 0.0 0.0 2.7 20.9 11:09 186 14 16.1 20.7 13:34 11.4 05:49 2.3 0.0 15.9 4.6 25.6 13:39 121 15 14.7 19.9 18:49 11.4 23:09 3.6 0.0 3.9 6.1 47.9 09:54 345 16 14.2 21.2 12:19 9.2 03:09 4.2 0.0 4.5 3.2 22.0 12:39 111 17 16.5 24.0 17:49 11.9 04:09 1.8 0.0 1.8 4.3 23.4 12:14 108 18 18.4 23.6 15:24 13.7 01:44 0.0 0.1 0.0 3.9 23.4 12:48 105 19 15.3 22.0 09:09 12.3 06:08 3.0 0.0 22.8 2.4 23.4 22:29 123 20 17.6 25.6 18:34 12.7 05:59 0.7 0.0 1.8 4.5 30.6 12:04 113 21 19.1 30.2 18:34 11.1 05:59 0.0 0.8 0.0 2.7 17.3 11:59 143 22 19.9 27.6 16:54 12.7 05:14 0.0 1.6 0.0 3.9 25.6 17:09 282 23 18.6 24.2 13:24 13.4 05:39 0.0 0.3 0.3 9.4 54.0 15:59 273 24 17.9 25.6 18:44 11.3 06:09 0.4 0.0 0.0 3.9 25.6 14:19 105 25 18.9 31.6 19:09 11.0 05:39 0.0 0.6 0.0 2.6 20.9 12:54 147 26 18.0 24.6 19:49 11.8 23:49 0.3 0.0 0.0 3.5 25.6 12:39 125 27 17.1 24.7 18:29 10.2 06:09 1.3 0.0 0.0 3.2 20.9 10:54 120 28 17.2 23.9 11:39 10.3 03:49 1.2 0.0 0.0 6.2 30.6 19:04 279 29 13.6 21.0 18:39 9.2 05:54 4.8 0.0 2.1 6.1 33.1 12:14 103 30 15.4 24.3 17:49 8.1 05:09 2.9 0.0 0.0 3.2 22.0 15:24 111 31 15.7 24.1 17:39 10.5 05:44 2.6 0.0 1.2 1.5 19.4 15:19 222 --------------------------------------------------------------------------------------- 16.5 31.6 25 6.8 07 61.3 3.4 72.0 4.6 54.0 23 199 Updated: 31/05/20 23:59:01