MONTHLY CLIMATOLOGICAL SUMMARY for Jun 2020 NAME: Tosca, Varsi (Parma) ELEV: 650 metri LAT: 44-37.15 N LONG: 009-49.14 E TEMPERATURE (°C), RAIN (mm), WIND SPEED (km/h) HEAT COOL AVG MEAN DEG DEG WIND DOM DAY TEMP HIGH TIME LOW TIME DAYS DAYS RAIN SPEED HIGH TIME DIR --------------------------------------------------------------------------------------- 01 18.4 27.2 17:14 11.0 03:09 0.0 0.0 0.0 2.9 19.4 12:09 106 02 19.2 25.6 11:14 12.7 04:14 0.0 0.9 0.0 5.9 35.6 17:24 286 03 17.7 22.2 13:19 11.7 04:44 0.6 0.0 0.0 9.9 56.2 22:04 281 04 14.7 16.3 00:04 13.3 19:25 3.6 0.0 15.6 5.0 37.8 00:59 281 05 18.1 25.3 15:45 12.1 06:40 0.2 0.0 6.6 5.0 24.5 17:30 282 06 18.0 24.0 14:45 11.8 05:50 0.3 0.0 0.0 5.8 35.6 22:15 278 07 16.9 19.8 13:10 15.1 23:15 1.4 0.0 0.6 7.5 46.4 17:16 310 08 15.9 21.2 12:35 11.6 23:40 2.4 0.0 2.4 2.1 23.4 00:25 268 09 15.9 21.6 17:20 9.7 05:50 2.4 0.0 0.0 4.6 42.8 12:25 276 10 14.2 18.7 17:20 10.6 23:45 4.2 0.0 0.9 2.2 17.3 15:25 259 11 14.2 18.5 12:45 10.1 05:40 4.1 0.0 0.0 3.0 22.0 15:05 284 12 16.9 25.5 16:50 9.2 05:35 1.4 0.0 0.0 3.2 22.0 14:50 231 13 17.8 24.5 16:30 12.0 04:15 0.6 0.0 13.5 2.9 20.9 12:30 241 14 18.5 28.5 17:25 12.1 04:30 0.0 0.2 7.2 2.6 18.4 18:25 59 15 18.8 26.5 11:55 13.6 05:50 0.0 0.5 4.5 1.6 19.4 13:15 152 16 19.2 26.6 18:10 13.0 04:50 0.0 0.8 0.0 2.1 17.3 10:25 292 17 17.3 22.7 17:40 14.1 04:45 1.0 0.0 8.1 3.2 28.1 19:20 257 18 17.8 22.3 12:36 13.5 04:41 0.5 0.0 0.0 8.7 41.8 17:46 281 19 17.1 24.0 16:56 12.0 23:56 1.2 0.0 2.7 7.3 35.6 13:46 281 20 19.6 30.6 19:01 11.0 04:51 0.0 1.3 0.3 2.2 17.3 14:01 189 21 21.5 31.6 19:06 13.4 04:11 0.0 3.1 0.0 2.8 19.4 12:36 112 22 22.6 31.1 18:16 14.1 05:31 0.0 4.3 0.0 3.0 24.5 16:41 127 23 24.0 33.3 17:01 16.2 04:21 0.0 5.6 0.0 2.0 12.2 14:11 156 24 23.4 30.6 17:41 16.6 05:16 0.0 5.1 0.0 3.1 24.5 19:21 247 25 22.3 28.7 18:11 17.2 04:36 0.0 4.0 0.0 4.0 29.5 19:16 274 26 22.2 29.4 15:56 15.4 05:56 0.0 3.8 0.0 3.8 23.4 16:41 259 27 22.7 32.5 17:21 14.6 05:56 0.0 4.4 0.0 3.3 23.4 18:11 272 28 23.8 30.5 16:41 16.3 04:46 0.0 5.4 0.0 4.0 27.0 18:36 273 29 23.3 26.7 15:51 18.2 23:16 0.0 4.9 0.0 11.9 56.2 03:01 283 30 22.9 29.0 17:06 16.6 06:01 0.0 4.6 0.0 5.8 24.5 14:56 282 --------------------------------------------------------------------------------------- 19.2 33.3 23 9.2 12 24.0 49.0 62.4 4.4 56.2 03 277 Updated: 30/06/20 23:56:01