MONTHLY CLIMATOLOGICAL SUMMARY for Jul 2020 NAME: Tosca, Varsi (Parma) ELEV: 650 metri LAT: 44-37.15 N LONG: 009-49.14 E TEMPERATURE (°C), RAIN (mm), WIND SPEED (km/h) HEAT COOL AVG MEAN DEG DEG WIND DOM DAY TEMP HIGH TIME LOW TIME DAYS DAYS RAIN SPEED HIGH TIME DIR --------------------------------------------------------------------------------------- 01 22.2 27.8 18:46 16.6 05:46 0.0 3.9 0.0 6.0 29.5 18:16 287 02 23.7 30.8 17:56 16.5 05:56 0.0 5.3 0.0 3.5 33.1 21:16 290 03 21.1 28.0 11:41 15.1 15:06 0.0 2.8 25.5 2.8 31.7 13:46 107 04 20.5 30.1 18:16 15.0 05:31 0.0 2.2 1.2 0.3 11.2 08:36 298 05 23.0 32.2 17:01 15.1 04:41 0.0 4.7 0.0 0.3 17.3 10:46 308 06 24.2 32.9 16:41 16.5 04:26 0.0 5.9 0.0 1.6 20.9 17:16 287 07 19.4 26.4 18:16 14.2 23:26 0.0 1.1 0.3 1.7 30.6 09:56 103 08 20.0 29.3 17:46 11.6 05:51 0.0 1.7 0.0 0.2 8.6 10:11 297 09 22.9 31.7 19:36 14.3 05:56 0.0 4.6 0.0 0.2 11.2 12:51 312 10 24.3 32.4 16:16 16.6 04:46 0.0 6.0 0.0 2.0 19.4 12:46 283 11 22.8 29.3 17:11 17.0 04:36 0.0 4.5 0.0 2.7 34.2 15:56 287 12 20.5 27.6 17:41 15.8 05:31 0.0 2.2 0.0 1.4 19.4 18:46 83 13 19.1 24.8 15:51 13.0 04:51 0.0 0.8 0.0 4.0 28.1 11:01 107 14 19.0 25.7 20:01 12.1 04:21 0.0 0.6 0.0 3.1 20.9 10:41 128 15 17.6 24.7 17:31 13.2 05:56 0.7 0.0 4.8 1.9 22.0 18:26 250 16 20.2 30.7 19:31 12.7 05:11 0.0 1.9 0.0 2.5 18.4 16:21 253 17 20.9 28.5 19:21 14.8 02:31 0.0 2.6 0.0 2.5 22.0 17:31 115 18 20.6 29.3 18:26 15.0 23:46 0.0 2.2 0.0 3.4 24.5 12:56 102 19 21.3 28.4 13:11 13.4 05:41 0.0 2.9 0.0 3.6 24.5 17:51 272 20 22.5 29.2 16:11 14.4 05:16 0.0 4.2 0.0 4.7 28.1 18:36 279 21 23.7 31.8 15:46 15.6 05:26 0.0 5.4 0.0 2.7 20.9 17:26 257 22 25.0 34.7 17:56 18.6 02:51 0.0 6.7 0.0 2.9 24.5 20:26 247 23 23.2 31.9 15:31 17.0 05:31 0.0 4.8 2.7 2.2 30.6 17:56 148 24 18.0 26.4 19:46 13.6 23:51 0.4 0.0 7.5 3.1 27.0 11:26 167 25 21.4 31.6 16:51 12.8 04:21 0.0 3.0 0.0 2.1 13.3 16:51 158 26 22.1 28.7 17:11 16.0 02:36 0.0 3.8 0.0 5.1 34.2 13:36 281 27 23.1 31.6 19:16 16.1 04:16 0.0 4.8 0.0 2.4 15.8 11:46 150 28 25.5 32.5 16:53 18.0 05:13 0.0 7.2 0.0 3.8 20.9 18:33 266 29 25.9 33.7 16:18 18.9 06:08 0.0 7.5 0.0 3.8 28.1 18:28 264 30 26.6 35.4 17:33 19.5 03:33 0.0 8.2 0.0 3.3 20.9 18:48 195 31 25.2 33.8 13:33 20.2 23:48 0.0 6.8 16.8 2.3 27.0 14:58 161 --------------------------------------------------------------------------------------- 22.1 35.4 30 11.6 08 1.1 118.3 58.8 2.7 34.2 11 252 Updated: 31/07/20 23:58:01