MONTHLY CLIMATOLOGICAL SUMMARY for Sep 2020 NAME: Tosca, Varsi (Parma) ELEV: 650 metri LAT: 44-37.15 N LONG: 009-49.14 E TEMPERATURE (°C), RAIN (mm), WIND SPEED (km/h) HEAT COOL AVG MEAN DEG DEG WIND DOM DAY TEMP HIGH TIME LOW TIME DAYS DAYS RAIN SPEED HIGH TIME DIR --------------------------------------------------------------------------------------- 01 16.2 24.8 15:51 10.0 03:11 2.1 0.0 0.6 2.6 30.6 16:31 208 02 15.5 23.4 17:56 11.0 04:41 2.8 0.0 3.0 1.9 14.8 14:01 163 03 17.8 27.3 18:46 11.5 05:21 0.6 0.0 0.3 2.2 13.3 17:01 141 04 20.0 29.0 18:31 13.6 06:21 0.0 1.7 0.0 2.5 15.8 16:36 160 05 21.3 30.0 17:01 14.9 05:56 0.0 2.9 0.0 3.0 23.4 16:16 261 06 19.6 26.0 16:26 14.4 02:26 0.0 1.2 0.0 4.6 33.1 17:26 266 07 18.9 24.3 09:41 16.3 04:51 0.0 0.5 6.3 2.1 18.4 13:46 312 08 18.9 25.2 18:51 14.7 23:56 0.0 0.6 0.0 4.3 25.6 14:36 109 09 19.9 29.9 18:11 13.4 05:51 0.0 1.6 0.0 2.0 9.7 13:31 155 10 20.6 26.8 17:41 15.6 05:56 0.0 2.2 0.0 2.5 17.3 19:11 166 11 20.2 25.6 16:41 17.1 22:56 0.0 1.9 0.0 1.9 14.8 17:56 156 12 20.6 28.8 17:41 14.9 06:46 0.0 2.3 0.0 3.0 18.4 12:01 131 13 21.2 28.7 18:01 15.6 06:46 0.0 2.9 0.0 3.3 22.0 14:26 139 14 20.8 25.9 11:36 16.4 06:46 0.0 2.5 0.0 3.9 25.6 13:51 131 15 19.9 25.7 16:31 15.5 05:51 0.0 1.5 0.0 3.8 24.5 12:41 137 16 20.6 30.2 17:26 15.0 07:01 0.0 2.3 0.0 2.4 15.8 14:21 153 17 20.9 28.0 10:46 15.5 06:26 0.0 2.6 0.0 3.0 18.4 13:51 129 18 20.2 25.7 12:26 15.3 07:16 0.0 1.9 0.0 3.4 22.0 12:01 133 19 18.3 24.5 16:16 13.8 06:16 0.0 0.0 0.0 2.8 15.8 12:26 146 20 18.2 25.1 12:46 14.3 07:11 0.2 0.0 0.0 2.0 19.4 14:36 184 21 16.7 24.4 10:56 13.5 23:26 1.7 0.0 9.3 1.5 17.3 13:56 211 22 16.5 21.3 12:16 13.0 03:26 1.8 0.0 0.9 2.1 19.4 13:56 265 23 16.6 21.2 13:16 12.9 06:41 1.7 0.0 0.6 5.5 31.7 14:21 270 24 17.6 23.2 12:11 14.7 00:01 0.7 0.0 11.4 4.3 34.2 12:16 64 25 14.3 18.6 11:01 8.9 17:01 4.0 0.0 16.5 9.7 45.4 11:36 299 26 13.1 18.8 17:31 6.4 23:56 5.2 0.0 0.0 11.5 55.1 00:21 289 27 9.4 16.4 12:36 4.1 06:36 8.9 0.0 0.9 3.8 36.7 16:26 117 28 10.9 16.7 12:58 5.1 06:16 7.5 0.0 0.3 6.9 29.5 10:43 275 29 13.4 20.0 11:53 7.4 03:33 5.0 0.0 0.0 4.3 29.5 14:08 255 30 14.9 20.9 15:33 9.1 07:28 3.5 0.0 0.0 3.2 25.6 16:13 293 --------------------------------------------------------------------------------------- 17.8 30.2 16 4.1 27 45.7 28.6 50.1 3.7 55.1 26 230 Updated: 30/09/20 23:55:01