MONTHLY CLIMATOLOGICAL SUMMARY for Nov 2020 NAME: Tosca, Varsi (Parma) ELEV: 650 metri LAT: 44-37.15 N LONG: 009-49.14 E TEMPERATURE (°C), RAIN (mm), WIND SPEED (km/h) HEAT COOL AVG MEAN DEG DEG WIND DOM DAY TEMP HIGH TIME LOW TIME DAYS DAYS RAIN SPEED HIGH TIME DIR --------------------------------------------------------------------------------------- 01 12.8 16.9 12:58 9.1 06:23 5.6 0.0 0.0 6.4 33.1 17:38 273 02 12.3 15.8 09:23 9.0 02:28 6.0 0.0 0.0 5.7 31.7 11:28 239 03 13.0 15.9 11:48 11.8 06:38 5.4 0.0 0.6 0.8 11.2 12:43 305 04 12.2 15.6 12:38 9.1 23:08 6.1 0.0 0.9 0.7 11.2 12:53 287 05 11.0 14.1 11:53 8.7 01:23 7.3 0.0 0.0 1.4 13.3 13:33 185 06 10.5 17.1 11:33 7.0 22:18 7.8 0.0 0.0 2.2 15.8 12:08 135 07 10.5 18.7 10:48 6.4 04:13 7.9 0.0 0.0 1.4 11.2 12:08 179 08 12.1 20.2 11:33 8.3 03:33 6.2 0.0 0.0 1.7 18.4 13:08 197 09 11.4 20.9 10:48 7.8 23:53 7.0 0.0 0.0 1.4 15.8 13:58 164 10 10.7 17.7 10:43 7.4 03:38 7.6 0.0 0.0 1.1 11.2 14:18 159 11 9.6 11.2 13:08 8.4 05:53 8.8 0.0 0.3 0.6 8.6 10:08 349 12 9.2 10.7 15:33 8.4 07:13 9.1 0.0 0.0 0.7 8.6 10:03 312 13 8.8 9.5 12:53 8.3 02:08 9.5 0.0 4.8 0.6 7.2 11:38 341 14 8.9 10.1 13:43 7.9 23:53 9.5 0.0 0.0 1.1 8.6 10:38 74 15 7.9 9.4 15:04 6.7 07:38 10.4 0.0 0.3 1.2 8.6 09:58 348 16 7.9 10.3 12:19 5.8 20:39 10.5 0.0 6.6 1.5 13.3 15:44 273 17 7.5 12.6 14:25 4.9 05:34 10.8 0.0 0.3 2.0 13.3 11:40 161 18 7.4 14.8 11:06 4.2 07:31 10.9 0.0 0.0 1.7 11.2 12:51 186 19 9.7 16.8 11:16 5.4 04:36 8.6 0.0 0.0 2.5 22.0 13:31 174 20 6.0 9.2 00:51 3.8 08:11 12.3 0.0 26.7 10.6 37.8 06:31 103 21 3.2 6.3 11:16 1.3 19:01 15.1 0.0 0.0 12.1 54.0 12:26 100 22 2.3 9.0 11:31 -0.2 04:41 16.0 0.0 0.0 2.3 15.8 11:41 153 23 3.7 16.1 11:42 0.0 01:01 14.6 0.0 0.0 1.3 7.2 12:27 182 24 4.2 10.9 11:33 1.0 00:02 14.2 0.0 0.0 2.0 14.8 12:03 170 25 4.7 15.3 11:28 1.7 07:13 13.7 0.0 0.0 1.0 6.1 11:38 185 26 5.1 14.5 11:28 1.9 06:08 13.2 0.0 0.0 1.0 7.2 12:03 185 27 5.7 10.4 14:53 2.6 23:30 12.7 0.0 0.0 0.8 12.2 12:32 260 28 5.0 7.6 14:21 2.1 00:54 13.4 0.0 0.0 1.4 15.8 14:36 336 29 6.0 7.1 13:51 4.9 00:11 12.4 0.0 0.9 1.6 12.2 01:11 82 30 4.4 5.7 00:11 2.7 22:46 13.9 0.0 0.0 1.3 14.8 11:26 301 --------------------------------------------------------------------------------------- 8.1 20.9 09 -0.2 22 306.4 0.0 41.4 2.3 54.0 21 143 Updated: 30/11/20 23:56:01