MONTHLY CLIMATOLOGICAL SUMMARY for Dec 2020 NAME: Tosca, Varsi (Parma) ELEV: 650 metri LAT: 44-37.15 N LONG: 009-49.14 E TEMPERATURE (°C), RAIN (mm), WIND SPEED (km/h) HEAT COOL AVG MEAN DEG DEG WIND DOM DAY TEMP HIGH TIME LOW TIME DAYS DAYS RAIN SPEED HIGH TIME DIR --------------------------------------------------------------------------------------- 01 2.1 4.2 11:46 -0.2 21:46 16.3 0.0 0.6 2.9 29.5 20:46 103 02 -0.7 0.1 00:01 -1.3 05:11 19.1 0.0 0.0 4.9 25.6 09:08 102 03 1.4 10.4 11:14 -0.8 03:23 16.9 0.0 6.9 0.7 6.1 11:49 161 04 1.3 9.0 23:54 -0.8 07:44 17.0 0.0 33.6 2.9 41.8 22:59 266 05 4.4 8.9 00:04 0.5 16:09 14.0 0.0 42.6 3.6 31.7 03:14 174 06 2.9 5.2 10:40 1.2 02:09 15.4 0.0 12.3 2.0 17.3 23:22 203 07 3.2 5.1 06:32 1.4 19:42 15.1 0.0 11.1 4.3 36.7 08:22 126 08 1.1 2.6 12:46 0.3 03:06 17.2 0.0 14.4 0.8 9.7 01:12 198 09 1.3 2.3 14:09 0.8 05:02 17.0 0.0 21.3 0.5 6.1 05:37 160 10 2.5 5.8 11:58 1.0 20:24 15.8 0.0 4.5 0.6 5.0 03:53 153 11 2.5 7.6 11:49 0.0 07:49 15.8 0.0 0.3 0.8 6.1 14:49 160 12 1.8 3.4 13:04 0.7 07:19 16.6 0.0 6.9 0.3 6.1 14:24 248 13 2.7 10.3 11:49 0.0 07:44 15.6 0.0 0.3 1.9 6.1 14:24 177 14 4.2 12.7 11:58 1.9 01:19 14.2 0.0 0.0 1.7 5.0 00:34 178 15 4.8 8.3 12:56 3.1 00:11 13.5 0.0 0.0 1.1 7.2 08:41 166 16 4.9 7.8 11:56 3.7 04:46 13.4 0.0 0.6 0.7 6.1 00:16 164 17 4.9 7.0 12:51 3.8 04:21 13.4 0.0 0.9 0.7 6.1 11:11 153 18 5.3 7.3 12:51 4.4 03:01 13.0 0.0 3.0 0.4 6.1 13:11 238 19 5.3 7.0 13:02 2.9 03:47 13.0 0.0 2.1 0.5 6.1 14:52 208 20 5.5 6.4 12:47 4.9 07:52 12.9 0.0 1.2 0.6 6.1 10:37 298 21 5.5 7.4 12:37 2.0 07:27 12.9 0.0 0.0 0.8 8.6 13:17 279 22 9.0 12.1 13:17 6.2 00:17 9.4 0.0 0.3 5.7 37.8 16:02 184 23 10.1 11.8 15:27 8.5 06:57 8.2 0.0 0.3 5.2 43.9 15:07 345 24 10.6 12.1 13:57 8.4 23:47 7.7 0.0 0.9 9.9 67.3 13:32 314 25 3.4 8.4 00:02 0.1 23:52 14.9 0.0 13.8 1.8 24.5 01:57 250 26 1.0 3.7 13:52 -1.4 19:37 17.3 0.0 7.2 2.0 14.8 07:27 131 27 -1.2 3.9 22:49 -4.2 08:14 19.5 0.0 0.9 2.3 23.4 22:44 176 28 -0.0 5.4 23:59 -3.8 07:39 18.4 0.0 3.9 6.0 40.3 20:39 283 29 4.6 8.7 12:04 -0.2 23:49 13.8 0.0 1.2 5.8 57.6 03:29 72 30 0.8 3.2 14:20 -0.7 01:34 17.5 0.0 6.6 0.8 7.2 02:54 191 31 1.5 6.9 11:44 -2.0 07:49 16.9 0.0 1.2 1.2 9.7 13:44 171 --------------------------------------------------------------------------------------- 1.5 12.7 14 -4.2 27 461.6 0.0 198.9 2.9 67.3 24 111 Updated: 31/12/20 23:59:02