MONTHLY CLIMATOLOGICAL SUMMARY for Jan 2021 NAME: Tosca, Varsi (Parma) ELEV: 650 metri LAT: 44-37.15 N LONG: 009-49.14 E TEMPERATURE (°C), RAIN (mm), WIND SPEED (km/h) HEAT COOL AVG MEAN DEG DEG WIND DOM DAY TEMP HIGH TIME LOW TIME DAYS DAYS RAIN SPEED HIGH TIME DIR --------------------------------------------------------------------------------------- 01 0.9 2.4 12:34 0.2 20:09 17.5 0.0 4.5 0.3 5.0 12:49 270 02 1.7 3.6 14:44 0.0 00:59 16.6 0.0 28.8 1.5 17.3 11:04 116 03 2.3 5.4 12:44 0.6 01:09 16.1 0.0 13.5 1.0 14.8 04:09 158 04 2.3 5.9 12:25 0.2 23:45 16.0 0.0 0.0 0.8 12.2 16:35 149 05 0.3 1.1 13:10 -0.6 03:40 18.0 0.0 0.0 1.1 14.8 08:20 121 06 1.1 3.3 14:20 -0.5 08:00 17.3 0.0 0.6 0.2 7.2 14:40 117 07 0.3 1.8 12:30 -0.7 07:25 18.1 0.0 0.3 0.5 7.2 12:00 150 08 -0.2 3.0 12:01 -3.8 21:57 18.5 0.0 0.6 0.8 11.2 12:32 137 09 -0.9 1.2 11:47 -2.6 00:02 19.2 0.0 0.0 3.4 19.4 13:52 112 10 -1.4 -0.7 10:57 -3.1 23:42 19.7 0.0 0.0 5.4 20.9 09:42 110 11 -3.0 5.9 11:37 -6.1 20:33 21.4 0.0 2.1 1.9 13.3 12:17 173 12 -0.1 7.5 12:12 -6.6 06:38 18.4 0.0 0.6 3.3 33.1 19:42 226 13 4.4 11.6 11:37 0.9 01:02 13.9 0.0 0.0 3.2 14.8 01:12 168 14 6.2 13.3 12:02 0.6 21:22 12.2 0.0 0.0 4.8 35.6 03:47 187 15 1.4 4.3 13:47 -0.1 21:17 17.0 0.0 0.0 2.8 17.3 21:32 260 16 -0.1 10.4 11:27 -3.7 08:12 18.5 0.0 0.0 2.2 17.3 21:26 164 17 1.5 6.6 13:56 -1.8 23:41 16.8 0.0 0.0 2.2 13.3 02:01 183 18 1.1 12.7 11:56 -2.4 02:31 17.2 0.0 0.0 1.6 7.2 04:31 176 19 3.3 7.4 15:11 -0.4 00:16 15.0 0.0 0.0 3.9 35.6 12:21 131 20 1.8 4.4 00:21 0.2 19:57 16.6 0.0 9.9 1.8 28.1 05:11 265 21 1.0 4.6 23:53 -0.1 07:58 17.3 0.0 17.1 1.8 11.2 20:57 270 22 4.5 8.4 06:48 1.4 12:23 13.8 0.0 54.0 4.5 31.7 06:38 120 23 5.0 8.6 14:58 2.4 03:38 13.4 0.0 14.1 8.1 41.8 15:58 268 24 4.4 7.7 15:24 0.1 20:45 13.9 0.0 0.9 5.1 31.7 01:13 232 25 4.0 6.6 10:17 0.6 08:37 14.4 0.0 0.0 6.3 41.8 02:57 263 26 3.0 7.4 12:12 0.5 23:57 15.3 0.0 0.0 7.3 35.6 13:47 259 27 2.2 10.4 11:52 -1.9 06:17 16.1 0.0 0.0 2.0 17.3 00:37 163 28 4.9 8.3 22:52 -0.2 01:12 13.4 0.0 0.0 7.3 43.9 17:38 241 29 8.9 13.9 11:37 5.7 00:38 9.5 0.0 0.0 5.6 39.2 03:58 200 30 7.9 11.1 09:42 2.9 23:53 10.4 0.0 7.5 5.7 39.2 15:57 257 31 4.2 6.6 13:38 2.4 01:38 14.1 0.0 3.3 2.2 29.5 14:43 113 --------------------------------------------------------------------------------------- 2.4 13.9 29 -6.6 12 495.4 0.0 157.8 3.2 43.9 28 203 Updated: 31/01/21 23:58:01