MONTHLY CLIMATOLOGICAL SUMMARY for Feb 2021 NAME: Tosca, Varsi (Parma) ELEV: 650 metri LAT: 44-37.15 N LONG: 9-49.14 E TEMPERATURE (°C), RAIN (mm), WIND SPEED (km/h) HEAT COOL AVG MEAN DEG DEG WIND DOM DAY TEMP HIGH TIME LOW TIME DAYS DAYS RAIN SPEED HIGH TIME DIR --------------------------------------------------------------------------------------- 01 4.2 6.1 14:18 2.5 06:43 14.1 0.0 0.3 1.2 11.2 16:38 295 02 5.2 11.9 11:43 0.7 07:53 13.1 0.0 0.3 1.9 18.4 14:18 175 03 7.6 10.8 21:34 4.8 07:49 10.8 0.0 1.5 5.0 36.7 19:51 75 04 9.2 11.0 10:02 6.8 23:57 9.1 0.0 0.3 3.7 52.6 03:47 247 05 7.0 11.2 12:33 5.7 06:39 11.4 0.0 0.0 1.1 8.6 13:09 286 06 5.9 6.9 12:39 5.3 07:13 12.5 0.0 0.3 2.1 13.3 19:19 104 07 6.9 10.9 14:59 4.9 07:34 11.4 0.0 1.8 4.0 33.1 14:24 307 08 6.5 9.9 11:49 2.7 04:39 11.8 0.0 1.2 9.4 54.0 16:49 268 09 6.9 9.2 16:30 5.1 05:45 11.4 0.0 9.9 4.3 35.6 16:50 335 10 5.4 7.0 00:25 2.7 22:40 13.0 0.0 43.8 3.2 29.5 00:20 126 11 6.5 12.7 10:59 3.0 01:50 11.9 0.0 0.0 3.4 19.4 15:04 118 12 -0.7 3.2 00:04 -4.1 23:54 19.0 0.0 0.0 5.4 35.6 23:54 106 13 -4.8 -2.3 13:39 -7.0 23:59 23.2 0.0 0.0 17.3 49.0 14:04 104 14 -3.1 3.7 16:14 -7.0 00:04 21.5 0.0 0.0 4.7 28.1 12:24 133 15 0.2 8.7 11:35 -5.8 06:50 18.1 0.0 0.0 4.7 28.1 16:04 248 16 5.8 8.6 14:14 0.0 02:49 12.5 0.0 0.0 15.6 54.0 09:34 256 17 9.0 11.8 13:59 6.2 22:54 9.3 0.0 0.0 9.7 39.2 13:34 268 18 7.7 10.6 13:39 5.1 01:59 10.6 0.0 0.0 3.3 29.5 14:04 271 19 8.6 11.0 14:14 7.1 02:19 9.7 0.0 0.0 2.4 23.4 04:44 6 20 9.1 13.5 15:34 4.5 23:59 9.3 0.0 0.0 1.7 20.9 13:59 199 21 6.8 10.6 13:44 3.4 04:14 11.6 0.0 0.0 1.5 19.4 15:09 101 22 7.7 12.0 13:34 4.0 07:24 10.6 0.0 0.0 1.7 14.8 16:04 189 23 10.0 16.9 15:19 4.6 02:39 8.4 0.0 0.0 2.0 15.8 15:49 210 24 12.4 20.5 16:10 7.3 05:49 6.0 0.0 0.0 2.1 15.8 13:15 154 25 12.8 21.8 10:35 7.3 05:45 5.6 0.0 0.0 2.3 20.9 12:40 176 26 12.8 21.0 16:21 7.4 07:16 5.6 0.0 0.0 2.3 15.8 14:41 177 27 10.5 16.8 11:36 6.7 07:26 7.8 0.0 0.0 6.3 34.2 16:11 108 28 6.2 11.3 10:34 1.2 23:20 12.1 0.0 0.0 5.6 29.5 13:13 116 --------------------------------------------------------------------------------------- 6.5 21.8 25 -7.0 13 331.3 0.0 59.4 4.6 54.0 08 153 Updated: 28/02/21 23:55:01