MONTHLY CLIMATOLOGICAL SUMMARY for Mar 2021 NAME: Tosca, Varsi (Parma) ELEV: 650 metri LAT: 44-37.15 N LONG: 9-49.14 E TEMPERATURE (°C), RAIN (mm), WIND SPEED (km/h) HEAT COOL AVG MEAN DEG DEG WIND DOM DAY TEMP HIGH TIME LOW TIME DAYS DAYS RAIN SPEED HIGH TIME DIR --------------------------------------------------------------------------------------- 01 5.7 14.4 16:50 0.8 06:00 12.6 0.0 0.0 3.2 25.6 13:25 141 02 7.5 17.2 16:20 1.7 01:40 10.8 0.0 0.0 2.6 17.3 13:20 190 03 9.0 17.6 12:40 3.8 06:35 9.4 0.0 0.0 3.0 18.4 16:10 141 04 8.3 13.3 12:20 4.2 07:00 10.0 0.0 0.0 4.7 28.1 13:50 260 05 8.2 10.5 14:40 5.8 21:55 10.2 0.0 0.3 4.5 36.7 10:25 274 06 3.7 6.3 01:30 0.5 23:35 14.6 0.0 0.9 4.8 27.0 05:25 108 07 4.3 11.2 16:20 -1.1 06:45 14.0 0.0 0.0 2.5 17.3 12:50 141 08 5.5 11.5 12:28 1.0 04:12 12.8 0.0 0.0 3.3 27.0 16:18 114 09 4.8 8.4 12:53 2.8 03:08 13.5 0.0 0.0 3.4 22.0 13:53 115 10 6.6 14.4 16:33 1.7 02:28 11.8 0.0 0.0 2.8 17.3 10:53 53 11 7.9 10.0 20:10 3.7 02:13 10.4 0.0 0.0 8.1 47.9 14:19 357 12 10.5 14.4 12:40 5.3 23:40 7.8 0.0 0.0 8.9 43.9 03:10 274 13 8.6 14.2 11:05 3.8 04:35 9.7 0.0 0.0 6.6 45.4 17:35 220 14 8.9 12.0 16:30 6.0 22:50 9.4 0.0 0.0 14.0 62.3 14:10 285 15 9.5 15.4 16:15 2.0 06:35 8.9 0.0 0.0 8.1 40.3 23:05 285 16 8.3 13.4 16:25 2.6 23:40 10.0 0.0 0.0 8.6 47.9 14:10 313 17 6.4 13.1 17:22 0.5 06:20 12.0 0.0 0.0 3.2 25.6 13:39 150 18 3.3 9.9 10:43 -1.1 23:43 15.1 0.0 0.0 4.5 34.2 12:38 125 19 2.3 7.1 15:18 -1.7 03:23 16.1 0.0 0.0 6.3 29.5 13:48 111 20 2.6 8.1 12:18 -2.0 04:43 15.7 0.0 0.0 6.4 36.7 14:33 101 21 2.0 8.8 16:43 -1.8 05:48 16.3 0.0 0.0 11.6 36.7 04:23 99 22 5.9 16.6 17:05 -1.3 03:48 12.4 0.0 0.0 3.4 25.6 12:59 133 23 7.0 15.4 16:41 0.9 06:16 11.3 0.0 0.0 3.9 23.4 11:46 126 24 9.7 18.8 16:57 2.3 06:27 8.6 0.0 0.0 2.8 25.6 13:42 159 25 11.3 18.8 15:47 4.9 06:27 7.0 0.0 0.0 4.0 23.4 16:52 254 26 10.1 15.8 12:02 4.1 05:42 8.2 0.0 0.0 6.8 31.7 12:42 258 27 9.7 12.9 17:13 6.8 23:28 8.6 0.0 0.0 4.8 37.8 01:47 260 28 11.0 18.5 18:03 5.5 06:58 7.4 0.0 0.0 3.3 15.8 17:43 127 29 13.7 21.2 16:50 6.7 06:50 4.6 0.0 0.0 3.0 23.4 15:30 129 30 15.6 22.5 17:45 9.1 06:00 2.7 0.0 0.0 3.6 25.6 14:55 116 31 16.9 23.5 16:41 10.9 07:00 1.5 0.0 0.0 3.5 24.5 12:21 98 --------------------------------------------------------------------------------------- 7.9 23.5 31 -2.0 20 323.5 0.0 1.2 5.2 62.3 14 194 Updated: 31/03/21 23:56:01