MONTHLY CLIMATOLOGICAL SUMMARY for Apr 2021 NAME: Tosca, Varsi (Parma) ELEV: 650 metri LAT: 44-37.15 N LONG: 9-49.14 E TEMPERATURE (°C), RAIN (mm), WIND SPEED (km/h) HEAT COOL AVG MEAN DEG DEG WIND DOM DAY TEMP HIGH TIME LOW TIME DAYS DAYS RAIN SPEED HIGH TIME DIR --------------------------------------------------------------------------------------- 01 17.5 23.8 12:21 11.6 06:01 0.8 0.0 0.0 6.8 41.8 17:51 257 02 16.0 22.5 13:11 10.5 06:41 2.3 0.0 0.0 9.1 36.7 16:21 256 03 12.3 17.4 10:16 6.0 23:46 6.0 0.0 0.0 8.5 40.3 15:26 95 04 8.0 14.8 18:16 2.2 06:11 10.4 0.0 0.0 6.6 33.1 10:51 116 05 9.1 16.8 13:16 2.2 06:16 9.3 0.0 0.0 9.2 61.2 21:26 264 06 7.2 13.3 09:04 -1.0 23:59 11.2 0.0 0.3 10.6 55.1 02:14 108 07 3.2 10.0 18:29 -2.6 04:24 15.1 0.0 0.0 6.1 47.9 14:49 315 08 6.2 12.1 16:26 0.0 05:24 12.1 0.0 0.0 7.4 63.7 11:26 267 09 8.1 15.4 17:31 4.6 01:16 10.2 0.0 0.0 5.6 37.8 10:11 254 10 6.6 11.4 09:56 4.6 05:46 11.7 0.0 8.4 2.1 22.0 00:36 148 11 6.9 9.1 15:15 5.3 00:04 11.4 0.0 33.0 1.0 8.6 12:44 306 12 8.3 11.1 12:50 5.9 23:55 10.0 0.0 20.7 1.9 25.6 23:35 290 13 5.1 12.5 18:35 1.4 23:10 13.2 0.0 8.1 3.0 20.9 10:25 271 14 6.0 11.7 12:10 0.2 06:45 12.4 0.0 0.0 3.6 22.0 13:30 123 15 4.6 9.7 15:20 1.7 04:25 13.7 0.0 5.7 5.5 25.6 15:30 111 16 5.5 9.7 15:02 2.2 00:10 12.8 0.0 0.0 8.1 37.8 13:47 115 17 7.1 12.7 18:02 2.2 01:52 11.2 0.0 0.0 8.0 33.1 17:27 106 18 7.0 12.8 16:12 2.2 05:37 11.4 0.0 0.0 5.5 29.5 17:07 108 19 8.3 15.9 16:32 3.0 04:02 10.0 0.0 0.0 3.8 24.5 12:42 130 20 9.6 16.6 10:32 3.4 06:12 8.8 0.0 0.0 5.6 33.1 13:07 252 21 10.1 16.8 16:32 4.2 03:47 8.2 0.0 0.0 4.2 28.1 14:52 268 22 11.3 17.9 17:42 5.5 06:42 7.0 0.0 0.0 4.7 24.5 14:32 104 23 12.5 18.8 19:17 6.5 05:22 5.8 0.0 0.0 5.4 28.1 16:37 109 24 14.1 22.0 16:22 6.4 05:52 4.2 0.0 0.0 4.2 28.1 15:37 140 25 15.8 23.8 16:02 8.7 06:02 2.5 0.0 0.0 4.6 29.5 17:02 229 26 11.9 15.2 14:12 8.5 23:57 6.4 0.0 1.8 3.6 23.4 11:47 161 27 8.3 9.1 13:42 7.6 09:17 10.0 0.0 7.8 3.4 15.8 10:32 114 28 9.9 12.1 17:22 8.0 04:52 8.4 0.0 1.2 2.0 13.3 17:37 160 29 12.4 15.5 16:17 10.4 00:32 5.9 0.0 3.0 3.6 29.5 19:57 294 30 14.3 18.8 16:57 10.2 23:57 4.1 0.0 0.6 4.6 25.6 01:57 261 --------------------------------------------------------------------------------------- 9.4 23.8 01 -2.6 07 266.7 0.0 90.6 5.3 63.7 08 154 Updated: 30/04/21 23:57:01