MONTHLY CLIMATOLOGICAL SUMMARY for May 2021 NAME: Tosca, Varsi (Parma) ELEV: 650 metri LAT: 44-37.15 N LONG: 9-49.14 E TEMPERATURE (°C), RAIN (mm), WIND SPEED (km/h) HEAT COOL AVG MEAN DEG DEG WIND DOM DAY TEMP HIGH TIME LOW TIME DAYS DAYS RAIN SPEED HIGH TIME DIR --------------------------------------------------------------------------------------- 01 12.7 18.2 13:17 8.1 04:47 5.6 0.0 5.1 3.0 28.1 23:27 219 02 12.5 15.9 17:22 10.2 23:47 5.8 0.0 0.9 9.2 41.8 13:47 275 03 11.6 19.2 18:57 6.4 23:42 6.7 0.0 2.7 3.7 34.2 00:02 151 04 12.0 18.0 17:02 5.2 04:42 6.3 0.0 0.0 7.5 42.8 23:52 257 05 12.6 15.8 12:37 9.5 01:22 5.7 0.0 0.0 12.6 61.2 11:32 284 06 12.8 18.1 16:42 7.7 04:37 5.5 0.0 0.0 7.5 69.8 16:32 292 07 15.5 20.0 15:57 9.8 23:57 2.8 0.0 0.0 10.7 41.8 10:37 274 08 12.6 20.1 16:12 8.9 03:47 5.7 0.0 0.0 2.8 17.3 13:37 265 09 15.0 21.5 18:32 7.6 04:27 3.4 0.0 0.0 3.2 22.0 15:52 168 10 17.3 23.2 16:42 10.9 05:27 1.0 0.0 0.0 4.6 25.6 11:32 118 11 13.0 15.0 00:52 11.3 22:32 5.3 0.0 0.3 3.6 34.2 23:17 230 12 14.0 20.9 12:32 7.6 05:42 4.4 0.0 0.0 7.5 37.8 15:42 276 13 12.6 19.9 11:07 7.3 23:52 5.7 0.0 0.3 4.5 29.5 19:57 261 14 10.4 18.0 10:22 6.5 23:57 7.9 0.0 0.0 4.3 23.4 10:42 252 15 11.5 17.0 15:17 5.6 05:52 6.9 0.0 0.6 6.0 42.8 11:02 275 16 14.4 16.6 14:42 11.8 05:12 4.0 0.0 0.0 7.5 47.9 16:42 294 17 16.6 23.3 16:57 11.6 23:32 1.7 0.0 0.0 9.1 37.8 20:52 275 18 14.4 20.4 13:12 9.2 05:07 3.9 0.0 0.0 6.0 40.3 15:47 274 19 14.6 23.0 17:57 7.6 06:12 3.8 0.0 0.0 4.4 24.5 16:42 287 20 15.4 26.0 19:17 6.8 05:42 2.9 0.0 0.0 4.2 34.2 13:47 298 21 14.6 19.7 13:32 10.3 05:42 3.7 0.0 0.0 7.3 45.4 21:37 285 22 14.3 16.9 12:02 11.2 03:12 4.1 0.0 0.0 6.7 43.9 08:47 293 23 17.0 23.0 16:22 11.8 23:57 1.4 0.0 0.0 8.1 47.9 11:17 279 24 11.1 13.1 00:27 9.8 06:37 7.2 0.0 0.3 1.6 20.9 11:57 117 25 15.3 23.2 16:52 9.2 23:52 3.0 0.0 0.0 6.1 24.5 09:22 267 26 15.0 23.2 16:32 6.3 05:02 3.4 0.0 0.0 3.8 24.5 19:32 242 27 16.3 24.1 17:02 7.6 05:22 2.1 0.0 0.0 4.9 25.6 15:32 262 28 17.3 25.1 16:17 10.5 05:37 1.0 0.0 0.0 3.3 17.3 15:27 127 29 17.8 24.8 10:17 11.8 04:57 0.5 0.0 0.3 2.2 15.8 13:02 168 30 16.1 23.6 17:57 9.7 05:32 2.2 0.0 0.0 4.1 19.4 14:52 120 31 16.1 25.5 19:07 9.6 04:42 2.3 0.0 0.0 2.8 15.8 14:52 186 --------------------------------------------------------------------------------------- 14.3 26.0 20 5.2 04 125.9 0.0 10.5 5.6 69.8 06 271 Updated: 31/05/21 23:57:01