MONTHLY CLIMATOLOGICAL SUMMARY for Jun 2021 NAME: Tosca, Varsi (Parma) ELEV: 650 metri LAT: 44-37.15 N LONG: 9-49.14 E TEMPERATURE (°C), RAIN (mm), WIND SPEED (km/h) HEAT COOL AVG MEAN DEG DEG WIND DOM DAY TEMP HIGH TIME LOW TIME DAYS DAYS RAIN SPEED HIGH TIME DIR --------------------------------------------------------------------------------------- 01 17.2 24.7 15:22 10.1 03:17 1.1 0.0 0.0 3.1 18.4 15:07 145 02 17.5 25.4 18:22 10.8 04:42 0.9 0.0 0.0 2.2 11.2 11:32 192 03 18.9 27.1 17:57 11.7 03:37 0.0 0.6 0.0 2.9 23.4 19:02 255 04 20.7 30.2 16:12 12.7 05:32 0.0 2.4 0.0 4.5 35.6 16:47 254 05 19.3 23.6 13:27 15.8 02:17 0.0 1.0 0.0 6.6 41.8 10:57 288 06 17.4 22.1 10:02 13.2 23:42 0.9 0.0 0.3 2.4 22.0 11:22 138 07 17.3 24.2 11:42 12.7 01:52 1.0 0.0 0.0 1.8 13.3 10:42 221 08 17.2 24.6 16:17 14.1 04:22 1.1 0.0 0.0 1.4 12.2 15:37 246 09 19.9 29.1 16:57 13.0 04:57 0.0 1.5 0.0 2.4 18.4 14:27 134 10 20.1 29.2 19:02 13.7 04:52 0.0 1.7 0.0 2.5 20.9 15:27 207 11 20.0 28.8 19:07 14.0 04:27 0.0 1.7 0.0 2.7 20.9 14:27 144 12 22.1 31.0 16:22 13.5 05:37 0.0 3.8 0.0 3.1 22.0 17:52 241 13 25.1 37.8 19:02 15.9 05:42 0.0 6.7 0.0 2.7 15.8 13:52 183 14 23.6 30.6 18:37 17.2 05:52 0.0 5.3 0.0 4.0 24.5 13:42 110 15 22.8 31.1 16:47 16.1 04:57 0.0 4.5 0.0 2.7 15.8 11:12 320 16 22.4 28.0 09:47 16.4 05:42 0.0 4.1 0.0 2.2 15.8 13:37 135 17 23.4 31.7 16:37 16.4 05:42 0.0 5.1 0.0 2.4 20.9 18:57 155 18 23.2 29.6 13:52 16.1 04:27 0.0 4.8 0.0 3.7 23.4 19:12 261 19 22.4 29.6 14:52 16.6 01:17 0.0 4.1 0.0 2.8 22.0 15:42 247 20 24.1 31.3 14:52 18.2 02:17 0.0 5.8 0.0 4.4 39.2 06:22 274 21 23.5 29.0 16:02 17.1 23:42 0.0 5.1 0.0 6.1 46.4 09:42 276 22 23.0 30.2 16:37 16.2 06:12 0.0 4.7 0.0 6.4 31.7 01:52 269 23 22.2 33.4 18:57 15.0 02:47 0.0 3.9 0.0 2.9 27.0 13:32 134 24 21.5 27.3 16:12 15.2 05:27 0.0 3.2 0.0 6.0 46.4 14:32 282 25 21.0 25.5 14:02 15.4 23:57 0.0 2.6 0.0 9.6 35.6 12:27 267 26 22.2 33.1 18:42 13.5 03:32 0.0 3.8 0.0 2.7 15.8 13:37 212 27 23.4 30.8 18:12 16.0 05:17 0.0 5.1 0.0 2.4 17.3 13:07 183 28 24.7 33.0 18:27 17.2 05:07 0.0 6.3 0.0 3.0 20.9 16:02 150 29 23.1 28.1 18:32 18.0 04:57 0.0 4.8 0.0 7.0 45.4 17:17 285 30 20.2 24.2 15:37 14.6 23:42 0.0 1.9 0.0 7.4 35.6 16:32 268 --------------------------------------------------------------------------------------- 21.3 37.8 13 10.1 01 5.0 94.4 0.3 3.8 46.4 21 253 Updated: 30/06/21 23:57:01