MONTHLY CLIMATOLOGICAL SUMMARY for Jul 2021 NAME: Tosca, Varsi (Parma) ELEV: 650 metri LAT: 44-37.15 N LONG: 9-49.14 E TEMPERATURE (°C), RAIN (mm), WIND SPEED (km/h) HEAT COOL AVG MEAN DEG DEG WIND DOM DAY TEMP HIGH TIME LOW TIME DAYS DAYS RAIN SPEED HIGH TIME DIR --------------------------------------------------------------------------------------- 01 21.1 29.6 15:42 12.9 05:57 0.0 2.8 0.0 4.8 25.6 20:17 286 02 22.6 31.7 17:57 15.0 04:22 0.0 4.2 0.0 3.3 20.9 18:12 285 03 22.8 30.5 15:32 17.2 01:57 0.0 4.5 0.0 3.6 23.4 19:17 273 04 19.3 22.9 08:17 16.3 06:17 0.0 0.9 0.3 3.1 28.1 19:37 257 05 22.3 32.1 18:27 13.4 04:22 0.0 4.0 0.0 3.2 20.9 19:32 262 06 23.8 31.1 15:32 15.7 05:27 0.0 5.5 0.0 3.5 27.0 16:47 266 07 25.1 32.8 17:42 17.7 02:47 0.0 6.7 0.0 4.1 29.5 15:07 267 08 22.9 29.6 10:22 17.4 21:57 0.0 4.5 0.0 4.1 46.4 18:02 308 09 22.0 30.1 15:57 13.3 05:47 0.0 3.7 0.0 5.0 28.1 18:12 280 10 22.7 30.3 16:22 15.4 04:42 0.0 4.4 0.0 2.7 20.9 12:12 119 11 22.9 30.8 16:17 15.4 05:57 0.0 4.6 0.0 3.6 25.6 19:27 292 12 22.7 29.5 15:57 15.6 05:37 0.0 4.3 0.0 4.0 31.7 14:47 278 13 21.1 27.7 17:12 14.8 23:47 0.0 2.8 0.6 4.6 35.6 10:12 124 14 17.7 24.3 17:02 13.2 09:12 0.6 0.0 0.0 6.8 34.2 15:22 267 15 18.6 23.8 15:48 13.4 05:37 0.0 0.3 0.0 5.9 34.2 14:28 285 16 18.3 23.9 16:03 13.9 22:48 0.1 0.0 0.3 1.3 24.5 20:13 248 17 20.9 29.5 18:14 14.5 00:38 0.0 2.6 0.0 1.7 12.2 13:23 205 18 24.0 31.8 18:14 17.0 05:04 0.0 5.7 0.0 3.5 24.5 17:14 93 19 24.4 32.3 18:09 17.2 05:19 0.0 6.1 0.0 3.6 31.7 14:24 151 20 24.6 30.8 16:49 18.2 03:29 0.0 6.2 0.0 6.6 31.7 13:14 269 21 24.5 32.3 17:14 18.0 06:14 0.0 6.2 0.0 4.2 24.5 14:19 262 22 24.7 33.2 19:14 18.7 05:54 0.0 6.4 0.0 1.9 15.8 12:19 284 23 24.2 33.6 18:14 16.7 05:34 0.0 5.9 0.0 2.7 22.0 15:34 247 24 24.0 31.1 17:14 18.5 05:19 0.0 5.7 0.0 3.3 25.6 12:59 252 25 23.8 30.8 18:45 19.1 00:14 0.0 5.5 0.0 4.5 39.2 13:35 250 26 23.0 30.6 15:55 17.9 05:15 0.0 4.7 0.0 4.0 25.6 10:30 116 27 23.3 30.6 12:55 18.2 04:10 0.0 5.0 0.0 3.9 39.2 15:05 149 28 23.1 30.2 18:10 16.9 05:20 0.0 4.8 0.0 3.7 27.0 13:55 257 29 23.6 33.0 17:00 16.3 05:15 0.0 5.3 0.0 3.9 27.0 17:15 264 30 24.4 31.8 17:55 17.6 05:15 0.0 6.1 0.3 4.5 29.5 17:15 268 31 24.9 30.8 15:40 19.6 05:40 0.0 6.5 0.0 5.9 29.5 10:35 269 --------------------------------------------------------------------------------------- 22.7 33.6 23 12.9 01 0.7 135.7 1.5 3.9 46.4 08 265 Updated: 31/07/21 23:55:01