MONTHLY CLIMATOLOGICAL SUMMARY for Oct 2021 NAME: Tosca, Varsi (Parma) ELEV: 650 metri LAT: 44-37.15 N LONG: 9-49.14 E TEMPERATURE (°C), RAIN (mm), WIND SPEED (km/h) HEAT COOL AVG MEAN DEG DEG WIND DOM DAY TEMP HIGH TIME LOW TIME DAYS DAYS RAIN SPEED HIGH TIME DIR --------------------------------------------------------------------------------------- 01 15.1 22.0 17:30 11.0 06:50 3.2 0.0 0.0 1.9 23.4 12:10 167 02 14.8 20.4 11:10 11.1 07:15 3.5 0.0 0.0 1.5 19.4 12:55 205 03 16.6 21.6 15:25 12.6 00:20 1.8 0.0 0.0 3.7 30.6 10:10 116 04 17.1 18.8 13:25 15.4 00:20 1.2 0.0 0.0 4.6 31.7 06:00 113 05 15.3 18.3 10:40 12.6 08:25 3.0 0.0 0.0 6.5 43.9 06:25 347 06 12.5 17.4 10:25 9.2 23:20 5.9 0.0 0.0 3.0 22.0 16:10 269 07 12.1 16.0 14:10 8.7 03:00 6.3 0.0 0.0 6.0 30.6 17:20 103 08 12.2 15.1 15:10 10.3 03:35 6.1 0.0 0.0 9.5 36.7 15:50 101 09 10.6 14.8 17:15 7.1 22:40 7.7 0.0 0.0 6.4 30.6 11:20 111 10 9.3 17.7 17:05 4.6 23:45 9.1 0.0 0.0 2.4 18.4 12:55 124 11 9.9 18.9 16:50 4.3 01:50 8.5 0.0 0.0 1.4 12.2 14:15 190 12 11.2 18.5 11:20 7.2 07:45 7.1 0.0 0.0 1.6 14.8 13:35 150 13 9.7 16.9 12:55 5.2 07:30 8.7 0.0 0.0 2.2 24.5 14:25 157 14 7.8 17.2 17:03 3.3 06:37 10.6 0.0 0.0 2.3 15.8 12:23 154 15 8.2 18.6 16:58 3.1 07:18 10.1 0.0 0.0 1.3 13.3 12:53 192 16 9.2 18.4 16:58 4.5 07:13 9.1 0.0 0.0 2.2 24.5 13:43 155 17 10.1 18.7 16:53 5.7 06:38 8.2 0.0 0.0 1.5 11.2 12:03 174 18 10.7 19.5 16:53 5.7 06:13 7.6 0.0 0.0 1.5 11.2 12:58 193 19 11.6 19.1 14:53 7.1 06:58 6.7 0.0 0.0 1.7 13.3 13:53 199 20 12.7 16.0 15:53 9.1 04:08 5.6 0.0 0.0 3.1 27.0 14:08 102 21 14.6 16.9 14:28 11.8 23:48 3.7 0.0 0.0 5.2 43.9 15:43 328 22 12.3 17.7 16:38 8.7 23:23 6.1 0.0 0.0 1.4 11.2 12:33 200 23 11.5 16.5 14:08 8.6 01:33 6.9 0.0 0.0 2.1 22.0 16:28 123 24 10.5 13.9 12:13 7.3 23:58 7.8 0.0 0.0 5.6 28.1 14:58 110 25 7.9 12.4 13:13 4.4 23:53 10.4 0.0 0.0 2.6 23.4 13:48 132 26 8.0 14.5 11:43 4.1 01:18 10.4 0.0 0.0 0.9 12.2 13:08 148 27 9.2 15.8 12:13 5.8 08:08 9.1 0.0 0.0 1.8 19.4 12:48 156 28 8.7 15.5 12:08 5.3 07:18 9.6 0.0 0.0 2.2 18.4 13:58 154 29 8.5 14.9 12:12 4.7 07:08 9.9 0.0 0.0 1.3 14.8 13:27 169 30 8.2 13.5 12:49 4.8 05:59 10.1 0.0 0.0 1.6 13.3 14:39 116 31 8.6 10.4 10:29 7.4 06:19 9.7 0.0 0.0 0.8 7.2 11:09 47 --------------------------------------------------------------------------------------- 11.1 22.0 01 3.1 15 223.6 0.0 0.0 2.9 43.9 05 129 Updated: 31/10/21 23:59:01