MONTHLY CLIMATOLOGICAL SUMMARY for Nov 2021 NAME: Tosca, Varsi (Parma) ELEV: 650 metri LAT: 44-37.15 N LONG: 9-49.14 E TEMPERATURE (°C), RAIN (mm), WIND SPEED (km/h) HEAT COOL AVG MEAN DEG DEG WIND DOM DAY TEMP HIGH TIME LOW TIME DAYS DAYS RAIN SPEED HIGH TIME DIR --------------------------------------------------------------------------------------- 01 8.2 9.5 10:54 5.8 23:44 10.2 0.0 0.0 2.6 19.4 16:19 271 02 10.7 16.5 14:14 5.6 01:09 7.6 0.0 0.0 5.1 25.6 05:09 273 03 9.9 12.0 00:59 8.8 05:54 8.4 0.0 0.3 1.9 30.6 01:24 291 04 7.7 11.2 15:14 4.3 23:44 10.6 0.0 0.0 2.8 25.6 02:29 217 05 5.4 10.2 13:14 2.9 22:34 12.9 0.0 0.0 1.1 11.2 13:24 185 06 6.8 10.1 14:09 5.0 23:44 11.5 0.0 0.0 4.6 25.6 11:09 115 07 7.2 10.6 13:19 5.0 00:04 11.2 0.0 0.0 1.1 17.3 13:19 117 08 6.2 7.4 09:54 4.5 07:14 12.1 0.0 0.0 3.5 25.6 23:49 116 09 6.8 9.3 12:34 5.2 05:34 11.5 0.0 0.0 3.6 19.4 23:14 111 10 8.2 11.1 14:27 6.2 04:48 10.1 0.0 0.0 1.4 11.2 15:23 261 11 9.2 12.6 13:07 6.7 02:13 9.1 0.0 0.0 0.2 11.2 14:13 258 12 10.2 16.6 11:33 7.6 05:03 8.1 0.0 0.0 0.7 9.7 12:27 217 13 10.0 14.5 12:03 7.9 06:38 8.3 0.0 0.0 1.0 11.2 14:03 217 14 8.9 10.4 11:47 7.7 05:03 9.4 0.0 0.3 2.1 22.0 22:43 105 15 8.0 8.8 00:03 7.6 23:47 10.3 0.0 0.0 6.3 29.5 03:03 113 16 6.9 9.5 11:33 4.8 07:18 11.5 0.0 0.0 1.6 15.8 12:43 131 17 7.9 10.5 13:43 6.1 04:43 10.4 0.0 0.0 0.9 11.2 03:28 345 18 8.8 14.9 11:23 5.3 22:48 9.5 0.0 0.0 0.8 12.2 12:13 168 19 8.1 18.7 11:13 5.1 07:08 10.2 0.0 0.0 0.8 8.6 13:58 230 20 9.2 20.3 11:38 5.7 03:33 9.1 0.0 0.0 1.0 7.2 12:33 180 21 9.2 13.0 12:28 5.5 23:53 9.1 0.0 0.0 2.8 28.1 13:23 108 22 5.9 6.6 15:23 4.6 07:08 12.5 0.0 0.0 0.8 11.2 23:03 285 23 6.2 8.2 13:43 3.5 23:48 12.1 0.0 0.0 4.5 23.4 12:48 115 24 4.2 10.1 11:28 1.4 21:58 14.1 0.0 0.0 1.4 12.2 13:08 173 25 2.7 3.4 14:51 1.3 08:21 15.6 0.0 0.0 1.4 13.3 06:57 257 26 5.5 10.7 13:56 1.5 08:36 12.9 0.0 0.3 3.7 37.8 16:51 246 27 6.3 10.2 13:06 3.7 08:21 12.0 0.0 0.0 4.3 30.6 13:11 260 28 2.7 4.9 15:06 0.4 22:46 15.6 0.0 0.0 2.0 14.8 00:01 212 29 2.8 7.8 11:11 -0.6 04:16 15.6 0.0 0.0 4.0 28.1 18:56 272 30 4.2 9.6 10:55 -1.3 07:15 14.1 0.0 0.0 13.2 73.4 17:25 254 --------------------------------------------------------------------------------------- 7.1 20.3 20 -1.3 30 335.8 0.0 0.9 2.7 73.4 30 186 Updated: 30/11/21 23:59:02