MONTHLY CLIMATOLOGICAL SUMMARY for Dec 2021 NAME: Tosca, Varsi (Parma) ELEV: 650 metri LAT: 44-37.15 N LONG: 9-49.14 E TEMPERATURE (°C), RAIN (mm), WIND SPEED (km/h) HEAT COOL AVG MEAN DEG DEG WIND DOM DAY TEMP HIGH TIME LOW TIME DAYS DAYS RAIN SPEED HIGH TIME DIR --------------------------------------------------------------------------------------- 01 7.2 8.9 15:15 3.7 23:45 11.2 0.0 1.5 10.8 54.0 04:39 252 02 3.8 4.8 11:10 2.7 20:45 14.5 0.0 8.4 1.2 17.3 03:15 279 03 2.7 7.1 14:45 -0.2 23:26 15.7 0.0 2.7 2.5 24.5 06:40 109 04 2.4 6.6 12:25 -0.2 00:01 15.9 0.0 0.3 1.2 12.2 10:40 154 05 2.4 10.1 11:54 -0.2 22:59 15.9 0.0 0.0 1.3 8.6 12:49 181 06 1.2 7.6 11:24 -1.2 02:14 17.1 0.0 0.0 1.7 17.3 12:19 176 07 2.3 9.0 12:09 -1.3 07:04 16.0 0.0 0.0 0.9 9.7 17:34 173 08 -0.1 2.5 01:39 -1.3 11:19 18.4 0.0 1.2 0.9 13.3 09:19 271 09 0.7 7.8 13:58 -2.9 02:33 17.6 0.0 6.9 0.8 12.2 15:53 205 10 -0.1 2.4 10:43 -2.2 03:13 18.4 0.0 0.3 1.0 9.7 08:03 245 11 -0.1 6.9 11:28 -2.1 04:53 18.4 0.0 3.6 1.9 9.7 08:18 182 12 1.2 6.5 11:38 -2.0 00:03 17.1 0.0 2.4 2.1 7.2 17:08 176 13 6.1 13.0 12:11 3.0 01:21 12.2 0.0 0.0 0.9 5.0 01:21 177 14 6.5 14.1 11:46 3.3 07:26 11.8 0.0 0.0 0.8 6.1 19:11 172 15 4.8 13.7 11:51 1.7 23:51 13.5 0.0 0.0 0.2 5.0 16:46 180 16 3.9 12.8 11:31 0.9 23:31 14.4 0.0 0.0 0.4 5.0 23:36 180 17 5.1 15.5 11:51 0.6 01:11 13.2 0.0 0.0 0.9 5.0 01:41 176 18 4.5 12.3 11:48 2.0 08:54 13.8 0.0 0.0 0.7 7.2 06:26 177 19 6.5 13.4 11:37 2.8 00:13 11.9 0.0 0.0 0.9 8.6 11:08 162 20 4.8 15.1 11:53 -0.3 19:03 13.5 0.0 0.0 1.4 13.3 07:57 145 21 2.5 5.1 13:58 0.7 03:03 15.8 0.0 0.0 0.2 7.2 11:43 197 22 2.1 3.6 14:23 0.8 08:18 16.3 0.0 0.0 0.3 8.6 20:48 287 23 1.8 5.7 14:08 -0.7 06:13 16.5 0.0 0.0 1.4 13.3 23:08 270 24 7.0 10.4 10:58 2.6 00:23 11.3 0.0 3.0 4.7 33.1 15:38 345 25 4.6 10.7 01:28 2.8 08:53 13.8 0.0 15.9 1.8 41.8 01:23 294 26 5.3 7.6 11:38 3.7 03:43 13.0 0.0 2.1 0.4 6.1 14:43 264 27 4.9 5.8 13:38 4.1 21:41 13.4 0.0 3.6 0.6 6.1 10:43 300 28 4.8 6.8 14:28 3.2 20:58 13.5 0.0 0.0 1.0 11.2 09:43 332 29 9.2 16.0 11:28 3.7 00:03 9.1 0.0 0.3 1.6 9.7 07:23 163 30 10.3 15.4 14:13 6.8 06:53 8.0 0.0 0.0 1.1 8.6 12:38 181 31 13.1 20.3 14:03 9.6 23:13 5.3 0.0 0.0 2.9 28.1 13:53 199 --------------------------------------------------------------------------------------- 4.2 20.3 31 -2.9 09 436.8 0.0 52.2 1.6 54.0 01 200 Updated: 31/12/21 23:58:01