MONTHLY CLIMATOLOGICAL SUMMARY for Feb 2022 NAME: Tosca, Varsi (Parma) ELEV: 650 metri LAT: 44-37.15 N LONG: 9-49.14 E TEMPERATURE (°C), RAIN (mm), WIND SPEED (km/h) HEAT COOL AVG MEAN DEG DEG WIND DOM DAY TEMP HIGH TIME LOW TIME DAYS DAYS RAIN SPEED HIGH TIME DIR --------------------------------------------------------------------------------------- 01 6.8 11.7 11:47 4.1 22:32 11.5 0.0 0.0 6.5 41.8 00:17 282 02 11.3 15.9 11:42 4.6 01:37 7.0 0.0 0.0 7.9 45.4 19:27 297 03 9.7 16.6 11:24 6.0 19:44 8.6 0.0 0.0 2.5 17.3 13:44 191 04 7.5 9.7 14:09 5.8 07:59 10.8 0.0 0.3 1.3 12.2 19:15 273 05 6.5 14.3 11:49 2.0 21:29 11.8 0.0 0.0 1.1 11.2 14:34 258 06 7.0 11.0 11:04 2.6 06:04 11.3 0.0 0.0 10.2 74.5 21:24 264 07 7.4 12.9 10:04 1.7 20:59 10.9 0.0 0.0 9.8 60.1 10:29 295 08 7.2 15.6 11:34 1.6 06:49 11.2 0.0 0.0 2.4 24.5 16:24 221 09 8.2 13.0 13:14 3.8 01:34 10.1 0.0 0.0 9.2 45.4 14:14 275 10 8.3 11.0 10:49 5.4 22:59 10.1 0.0 0.0 7.5 39.2 11:39 282 11 7.4 10.6 15:34 4.6 20:54 11.0 0.0 0.0 4.5 22.0 05:04 254 12 3.7 6.3 00:04 -0.1 22:27 14.6 0.0 0.0 7.4 28.1 03:19 105 13 2.5 7.9 11:41 -1.0 06:16 15.8 0.0 0.0 1.7 18.4 15:56 134 14 1.5 2.6 13:06 0.0 00:21 16.9 0.0 5.4 0.8 8.6 18:31 125 15 1.5 5.1 12:41 -0.5 06:41 16.9 0.0 12.3 0.7 12.2 16:41 196 16 5.2 17.4 11:46 -0.3 07:21 13.1 0.0 3.6 1.1 8.6 14:51 171 17 8.6 15.4 11:40 3.7 00:16 9.7 0.0 0.0 7.1 61.2 07:02 257 18 9.4 16.3 11:00 4.5 07:42 8.9 0.0 0.0 4.0 30.6 23:26 183 19 9.8 12.9 13:46 6.7 23:53 8.5 0.0 0.0 5.1 42.8 00:36 278 20 10.1 17.0 16:17 4.7 07:12 8.2 0.0 0.0 4.2 31.7 23:37 256 21 9.6 14.2 12:32 7.7 22:52 8.7 0.0 0.0 12.7 72.4 18:02 282 22 9.3 14.2 15:52 5.0 23:26 9.0 0.0 0.0 7.6 40.3 09:22 304 23 9.6 19.9 10:52 4.4 07:12 8.7 0.0 0.0 1.9 19.4 14:17 201 24 9.2 14.8 10:42 5.6 00:37 9.2 0.0 0.0 4.3 29.5 12:32 235 25 7.9 13.6 10:12 2.5 23:57 10.4 0.0 0.0 4.4 30.6 19:37 113 26 4.0 11.0 16:22 -1.3 06:37 14.3 0.0 0.0 5.2 36.7 11:32 83 27 3.1 8.0 16:22 -0.5 07:27 15.2 0.0 0.0 6.2 31.7 13:32 101 28 4.7 15.0 16:18 -1.2 07:14 13.6 0.0 0.0 1.3 15.8 13:43 226 --------------------------------------------------------------------------------------- 7.0 19.9 23 -1.3 26 316.2 0.0 21.6 5.0 74.5 06 270 Updated: 28/02/22 23:55:01