MONTHLY CLIMATOLOGICAL SUMMARY for Jul 2022 NAME: Tosca, Varsi (Parma) ELEV: 650 metri LAT: 44-37.15 N LONG: 9-49.14 E TEMPERATURE (°C), RAIN (mm), WIND SPEED (km/h) HEAT COOL AVG MEAN DEG DEG WIND DOM DAY TEMP HIGH TIME LOW TIME DAYS DAYS RAIN SPEED HIGH TIME DIR --------------------------------------------------------------------------------------- 01 22.9 29.3 17:03 16.1 05:53 0.0 4.5 0.0 5.1 33.1 16:37 276 02 24.3 33.4 17:18 16.5 06:08 0.0 5.9 0.0 3.2 19.4 12:33 135 03 27.2 36.1 15:58 19.0 04:43 0.0 8.8 0.0 3.4 18.4 18:28 276 04 25.3 35.3 17:03 18.3 23:53 0.0 6.9 0.3 3.5 37.8 19:03 233 05 25.5 35.1 18:08 17.4 06:08 0.0 7.2 0.0 2.7 17.3 15:43 186 06 23.3 32.3 18:58 19.4 23:48 0.0 4.9 0.0 3.4 19.4 09:48 130 07 24.6 34.1 18:13 16.9 05:23 0.0 6.3 0.0 3.7 17.3 18:48 248 08 22.5 31.2 19:23 14.4 05:38 0.0 4.2 0.0 4.0 22.0 16:03 118 09 23.0 30.8 16:23 15.9 05:23 0.0 4.7 0.0 3.6 19.4 12:13 114 10 23.7 31.9 18:08 15.2 05:53 0.0 5.4 0.0 3.5 18.4 18:38 268 11 23.2 31.2 19:03 16.6 06:08 0.0 4.9 6.0 3.3 31.7 16:33 183 12 22.7 34.4 18:43 15.3 06:08 0.0 4.4 0.0 2.3 12.2 12:53 163 13 24.0 34.4 17:37 16.6 06:03 0.0 5.7 0.0 3.4 20.9 13:57 153 14 25.5 32.2 17:38 18.0 02:33 0.0 7.2 0.0 4.0 20.9 20:53 270 15 26.0 33.7 16:08 18.3 04:53 0.0 7.6 0.0 6.8 37.8 14:48 275 16 26.1 35.9 17:18 17.7 05:58 0.0 7.7 0.0 3.3 19.4 19:48 241 17 26.0 32.5 17:08 19.4 04:03 0.0 7.7 0.0 4.9 27.0 15:53 122 18 25.9 33.7 16:23 19.0 05:43 0.0 7.6 0.0 4.5 22.0 17:33 129 19 26.1 33.6 16:53 18.6 05:58 0.0 7.8 0.0 4.3 23.4 19:13 148 20 27.5 35.6 17:38 19.7 05:48 0.0 9.2 0.0 4.0 22.0 15:18 137 21 28.1 36.0 18:37 20.8 06:23 0.0 9.8 0.0 3.9 22.0 19:43 150 22 28.1 35.8 14:28 20.1 04:08 0.0 9.8 0.0 4.2 33.1 15:13 268 23 27.0 33.9 15:38 21.0 06:18 0.0 8.7 0.0 5.9 30.6 15:48 268 24 26.4 34.1 15:43 20.1 04:33 0.0 8.1 0.0 3.5 24.5 03:13 102 25 26.9 34.8 12:48 20.9 05:43 0.0 8.6 0.6 3.8 29.5 19:37 261 26 26.3 35.1 17:28 19.2 04:53 0.0 7.9 0.0 4.8 29.5 18:18 280 27 23.8 31.9 19:03 17.1 02:08 0.0 5.5 0.0 4.3 37.8 02:18 79 28 23.1 30.0 13:08 18.3 05:38 0.0 4.8 1.8 2.6 20.9 11:08 159 29 23.2 31.1 15:37 17.3 05:33 0.0 4.8 0.0 2.9 25.6 14:08 235 30 23.8 32.6 19:28 15.8 05:53 0.0 5.5 0.0 3.4 23.4 14:48 75 31 25.4 35.1 19:38 17.1 06:33 0.0 7.0 0.0 3.3 23.4 17:18 148 --------------------------------------------------------------------------------------- 25.1 36.1 03 14.4 08 0.0 209.1 8.7 3.9 37.8 04 209 Updated: 31/07/22 23:58:02