MONTHLY CLIMATOLOGICAL SUMMARY for Aug 2022 NAME: Tosca, Varsi (Parma) ELEV: 650 metri LAT: 44-37.15 N LONG: 9-49.14 E TEMPERATURE (°C), RAIN (mm), WIND SPEED (km/h) HEAT COOL AVG MEAN DEG DEG WIND DOM DAY TEMP HIGH TIME LOW TIME DAYS DAYS RAIN SPEED HIGH TIME DIR --------------------------------------------------------------------------------------- 01 26.9 35.2 16:13 18.4 05:13 0.0 8.6 0.0 4.9 27.0 16:18 260 02 25.3 33.1 16:33 19.9 05:13 0.0 7.0 0.0 6.7 34.2 09:18 110 03 25.6 32.9 16:13 17.6 06:13 0.0 7.2 0.0 4.9 29.5 17:03 116 04 27.4 35.8 17:03 19.7 05:53 0.0 9.1 0.0 4.4 25.6 13:18 134 05 28.2 35.4 17:08 21.1 05:03 0.0 9.8 0.0 4.1 20.9 12:33 214 06 25.8 35.5 17:53 18.1 03:13 0.0 7.5 2.4 4.7 40.3 21:23 155 07 22.0 29.1 16:53 17.7 08:08 0.0 3.6 7.5 4.0 25.6 15:58 104 08 22.2 30.8 17:58 17.0 07:23 0.0 3.9 1.2 3.6 22.0 13:23 136 09 23.3 30.3 16:58 17.4 05:58 0.0 4.9 0.0 5.0 27.0 17:03 119 10 23.8 31.1 16:23 16.7 05:13 0.0 5.4 0.0 5.1 28.1 12:03 96 11 23.1 30.8 18:03 16.8 05:57 0.0 4.8 0.0 4.7 25.6 16:03 116 12 21.4 29.3 16:13 15.5 07:03 0.0 3.0 4.5 5.9 39.2 20:48 105 13 20.9 29.2 17:28 14.5 06:28 0.0 2.6 0.3 4.7 24.5 00:38 106 14 21.8 29.2 14:13 15.0 03:23 0.0 3.4 0.0 5.7 28.1 10:18 272 15 23.4 29.7 16:33 17.8 04:33 0.0 5.0 0.0 5.9 39.2 17:38 289 16 23.9 32.4 17:18 18.4 02:28 0.0 5.5 0.0 4.0 27.0 17:28 235 17 22.0 29.0 09:55 17.0 23:30 0.0 3.6 1.2 3.5 33.1 18:30 245 18 17.1 18.7 03:20 16.5 05:30 1.2 0.0 1.2 1.7 25.6 03:15 203 19 20 21 22 23 24 25 26 27 30.2 30.2 19:26 30.2 19:26 0.0 11.9 0.0 1.1 2.5 19:26 270 28 29 30 21.5 28.8 12:44 17.2 22:39 0.0 3.2 11.4 2.2 18.4 14:59 177 31 19.4 26.5 13:44 15.7 22:14 0.0 1.0 1.2 2.4 19.4 16:24 235 --------------------------------------------------------------------------------------- 23.5 35.8 04 14.5 13 1.2 111.1 30.9 4.5 40.3 06 141 Updated: 31/08/22 23:59:01