MONTHLY CLIMATOLOGICAL SUMMARY for Dec 2022 NAME: Tosca, Varsi (Parma) ELEV: 650 metri LAT: 44-37.15 N LONG: 9-49.14 E TEMPERATURE (°C), RAIN (mm), WIND SPEED (km/h) HEAT COOL AVG MEAN DEG DEG WIND DOM DAY TEMP HIGH TIME LOW TIME DAYS DAYS RAIN SPEED HIGH TIME DIR --------------------------------------------------------------------------------------- 01 4.5 8.2 14:00 2.7 00:00 13.8 0.0 0.0 2.9 23.4 14:30 108 02 4.0 7.4 10:40 1.0 07:10 14.3 0.0 0.0 2.2 17.3 12:20 114 03 3.9 4.9 12:40 3.0 06:10 14.4 0.0 15.0 3.1 18.4 08:10 108 04 5.5 7.3 15:22 4.4 04:42 12.8 0.0 15.9 1.0 8.6 02:37 291 05 6.5 10.5 14:51 2.9 23:57 11.8 0.0 10.2 1.3 15.8 12:17 148 06 3.9 10.0 11:37 1.1 07:51 14.5 0.0 0.3 1.2 6.1 02:57 176 07 3.2 7.0 14:32 1.1 22:57 15.1 0.0 0.0 1.0 8.6 10:37 209 08 3.3 5.0 13:02 1.7 00:42 15.1 0.0 2.7 0.8 11.2 11:12 309 09 2.3 3.0 00:02 1.9 04:37 16.1 0.0 20.4 1.2 11.2 04:37 312 10 3.2 4.7 16:11 1.5 08:11 15.1 0.0 0.3 0.7 9.7 13:31 352 11 0.8 3.3 00:01 -3.2 22:11 17.5 0.0 0.0 1.6 17.3 08:31 190 12 -1.1 6.8 11:36 -3.6 07:36 19.5 0.0 0.0 0.9 7.2 12:41 184 13 -2.3 -1.5 14:44 -2.8 01:26 20.6 0.0 0.0 1.6 27.0 06:26 99 14 -0.9 0.6 15:34 -2.8 00:59 19.2 0.0 0.0 0.3 6.1 10:29 286 15 0.8 1.7 10:44 0.0 18:19 17.6 0.0 28.8 1.0 23.4 15:34 214 16 2.5 5.1 12:09 0.7 00:39 15.8 0.0 2.4 1.4 9.7 14:44 255 17 5.0 9.6 11:44 2.9 07:19 13.3 0.0 0.0 1.5 19.4 14:49 139 18 3.1 4.9 11:46 0.4 20:41 15.2 0.0 0.0 1.4 12.2 12:11 272 19 2.6 3.7 14:11 1.0 05:51 15.7 0.0 1.2 0.5 5.0 02:31 283 20 3.7 5.6 21:21 2.7 02:21 14.6 0.0 2.1 1.5 11.2 19:26 294 21 6.0 8.3 12:17 4.2 02:11 12.4 0.0 4.2 2.0 20.9 04:22 245 22 7.2 9.4 14:52 5.0 00:37 11.1 0.0 0.0 1.2 11.2 23:12 167 23 6.8 12.6 11:31 4.0 07:37 11.5 0.0 0.0 1.2 11.2 14:01 170 24 6.9 9.1 11:48 4.9 07:18 11.5 0.0 0.3 1.2 8.6 15:18 281 25 7.3 8.1 13:58 6.8 00:08 11.0 0.0 0.3 0.6 7.2 09:58 297 26 10.6 13.5 12:08 6.7 00:28 7.7 0.0 0.0 4.9 41.8 18:18 298 27 9.6 12.5 11:28 7.0 07:58 8.8 0.0 0.0 1.7 29.5 01:33 185 28 7.0 9.5 14:18 5.0 07:38 11.3 0.0 0.0 0.8 8.6 14:28 302 29 6.1 7.3 12:18 5.5 07:33 12.2 0.0 9.9 2.2 15.8 18:38 278 30 6.3 7.4 00:38 5.7 06:48 12.1 0.0 6.0 1.6 12.2 08:33 289 31 7.7 10.4 12:03 5.7 02:23 10.6 0.0 0.0 1.5 9.7 11:23 290 --------------------------------------------------------------------------------------- 4.4 13.5 26 -3.6 12 432.0 0.0 120.0 1.5 41.8 26 212 Updated: 31/12/22 23:58:01