MONTHLY CLIMATOLOGICAL SUMMARY for Jan 2023 NAME: Tosca, Varsi (Parma) ELEV: 650 metri LAT: 44-37.15 N LONG: 9-49.14 E TEMPERATURE (°C), RAIN (mm), WIND SPEED (km/h) HEAT COOL AVG MEAN DEG DEG WIND DOM DAY TEMP HIGH TIME LOW TIME DAYS DAYS RAIN SPEED HIGH TIME DIR --------------------------------------------------------------------------------------- 01 8.9 10.8 14:58 6.8 00:53 9.4 0.0 0.0 1.1 8.6 10:13 253 02 10.1 11.4 15:13 9.0 22:48 8.2 0.0 0.0 0.6 9.7 15:33 139 03 9.1 11.4 12:24 6.6 23:44 9.3 0.0 0.0 0.7 7.2 05:04 308 04 8.0 11.7 12:34 6.7 00:14 10.4 0.0 0.0 1.5 13.3 23:19 95 05 9.0 13.1 14:09 5.8 23:49 9.4 0.0 0.0 6.6 46.4 12:44 256 06 6.7 12.9 11:39 5.2 06:10 11.6 0.0 0.0 1.0 9.7 13:26 222 07 5.2 6.6 21:46 4.1 04:41 13.1 0.0 0.3 0.9 9.7 22:26 327 08 6.8 8.9 14:21 5.4 09:26 11.5 0.0 30.0 2.7 25.6 13:41 275 09 6.9 10.4 14:16 4.8 08:26 11.4 0.0 0.6 6.9 39.2 23:26 294 10 7.2 10.5 11:51 2.6 22:46 11.1 0.0 0.0 8.7 42.8 07:31 286 11 6.7 12.8 11:56 2.9 01:26 11.7 0.0 0.9 1.6 15.8 15:11 167 12 6.3 13.0 11:21 2.9 05:01 12.1 0.0 0.0 1.5 8.6 00:01 161 13 8.0 11.1 14:01 4.5 22:51 10.3 0.0 0.0 3.9 33.1 00:56 274 14 6.9 15.3 11:36 3.8 00:56 11.4 0.0 0.0 1.5 12.2 18:21 190 15 6.1 10.6 12:56 3.7 18:31 12.2 0.0 4.2 2.8 27.0 14:16 289 16 4.2 8.0 10:51 0.8 23:31 14.1 0.0 1.8 4.9 36.7 11:21 341 17 1.9 5.5 06:56 0.5 20:12 16.5 0.0 3.0 2.4 25.6 01:21 262 18 0.8 2.1 11:15 -0.6 06:32 17.5 0.0 4.8 1.5 13.3 04:50 100 19 -0.0 3.3 12:00 -1.8 23:50 18.3 0.0 0.3 0.3 17.3 02:00 248 20 -0.3 2.9 13:10 -2.4 00:35 18.6 0.0 0.3 0.6 13.3 13:35 127 21 -0.2 4.0 11:20 -3.5 08:35 18.6 0.0 0.3 2.4 13.3 13:10 145 22 0.2 1.1 02:20 -0.7 07:24 18.2 0.0 0.0 5.4 27.0 15:31 101 23 1.1 2.8 19:12 -0.3 07:37 17.2 0.0 13.5 8.2 50.0 19:17 92 24 2.3 5.1 14:02 0.8 05:37 16.0 0.0 2.4 2.6 28.1 00:12 116 25 2.8 4.3 13:07 1.7 22:12 15.5 0.0 1.8 5.8 34.2 06:37 108 26 1.2 4.4 15:14 -1.7 23:45 17.2 0.0 0.0 2.6 22.0 13:27 121 27 -0.3 1.5 11:45 -2.1 19:30 18.7 0.0 0.0 5.7 27.0 12:45 104 28 -0.5 3.0 15:10 -3.0 22:55 18.8 0.0 0.0 4.3 25.6 14:40 100 29 0.4 6.6 11:30 -2.5 08:15 17.9 0.0 0.0 1.4 12.2 11:50 175 30 2.8 7.8 13:25 -2.0 02:20 15.5 0.0 0.0 7.0 54.0 16:27 271 31 5.0 13.5 11:51 0.2 07:06 13.3 0.0 0.0 2.9 30.6 17:21 191 --------------------------------------------------------------------------------------- 4.3 15.3 14 -3.5 21 435.1 0.0 64.2 3.2 54.0 30 136 Updated: 31/01/23 23:56:00