MONTHLY CLIMATOLOGICAL SUMMARY for Feb 2023 NAME: Tosca, Varsi (Parma) ELEV: 650 metri LAT: 44-37.15 N LONG: 9-49.14 E TEMPERATURE (°C), RAIN (mm), WIND SPEED (km/h) HEAT COOL AVG MEAN DEG DEG WIND DOM DAY TEMP HIGH TIME LOW TIME DAYS DAYS RAIN SPEED HIGH TIME DIR --------------------------------------------------------------------------------------- 01 6.6 10.4 15:26 2.7 23:26 11.7 0.0 0.0 7.7 43.9 06:21 241 02 7.9 14.1 14:01 2.4 02:11 10.4 0.0 0.0 3.4 20.9 11:21 219 03 8.6 14.3 13:01 4.8 07:36 9.8 0.0 0.0 4.1 30.6 17:16 230 04 13.5 18.8 11:16 3.0 23:21 4.9 0.0 0.0 8.8 47.9 09:36 293 05 2.3 6.3 13:51 0.0 23:11 16.0 0.0 0.0 2.4 22.0 16:41 103 06 0.5 5.6 11:47 -2.0 08:01 17.8 0.0 0.0 5.6 34.2 22:26 92 07 -1.5 3.2 11:22 -4.8 06:32 19.8 0.0 0.0 4.4 33.1 01:37 93 08 -2.0 2.0 11:42 -4.6 05:22 20.3 0.0 0.0 6.4 30.6 12:57 104 09 -3.3 0.6 11:42 -5.4 22:52 21.6 0.0 0.0 6.9 24.5 02:02 93 10 -0.8 6.6 11:05 -6.0 04:32 19.1 0.0 0.0 1.4 14.8 14:59 152 11 3.7 12.4 14:38 -1.7 03:28 14.7 0.0 0.0 1.3 13.3 12:58 209 12 7.2 17.4 11:08 2.8 23:18 11.1 0.0 0.0 1.8 15.8 15:18 173 13 5.4 11.6 14:13 1.6 07:48 12.9 0.0 0.0 1.7 14.8 12:38 200 14 8.0 15.7 10:58 2.4 06:53 10.3 0.0 0.0 1.6 12.2 11:53 191 15 10.4 18.9 11:08 5.1 06:58 7.9 0.0 0.0 1.9 12.2 13:33 204 16 8.5 14.2 11:28 3.7 23:49 9.8 0.0 0.0 5.9 37.8 17:04 252 17 7.2 12.5 14:32 3.3 07:41 11.1 0.0 0.0 6.7 35.6 12:31 235 18 7.5 11.9 14:09 2.8 05:43 10.9 0.0 0.0 9.9 56.2 11:09 244 19 9.7 13.0 11:54 5.7 23:59 8.6 0.0 0.0 14.3 50.0 15:54 255 20 8.6 15.7 16:29 4.7 05:39 9.8 0.0 0.0 2.0 18.4 13:14 111 21 8.5 11.7 13:14 5.2 03:34 9.9 0.0 0.0 5.2 29.5 09:54 252 22 8.6 11.6 13:14 6.6 02:44 9.7 0.0 0.0 2.3 17.3 15:59 275 23 8.2 12.0 12:14 5.2 22:44 10.1 0.0 0.0 1.5 18.4 13:49 110 24 8.4 12.0 13:04 5.4 01:49 9.9 0.0 0.0 2.6 18.4 10:09 257 25 10.4 12.8 11:04 8.6 02:09 7.9 0.0 0.3 4.1 29.5 06:24 343 26 2.0 10.0 00:04 -1.6 22:29 16.3 0.0 8.7 20.7 61.2 20:34 99 27 -0.5 1.0 15:52 -1.8 04:34 18.8 0.0 0.0 12.9 55.1 03:44 99 28 0.5 2.7 15:39 -1.8 06:39 17.8 0.0 0.0 6.2 22.0 04:29 105 --------------------------------------------------------------------------------------- 5.5 18.9 15 -6.0 10 359.1 0.0 9.0 5.5 61.2 26 135 Updated: 28/02/23 23:59:06