MONTHLY CLIMATOLOGICAL SUMMARY for Mar 2023 NAME: Tosca, Varsi (Parma) ELEV: 650 metri LAT: 44-37.15 N LONG: 9-49.14 E TEMPERATURE (°C), RAIN (mm), WIND SPEED (km/h) HEAT COOL AVG MEAN DEG DEG WIND DOM DAY TEMP HIGH TIME LOW TIME DAYS DAYS RAIN SPEED HIGH TIME DIR --------------------------------------------------------------------------------------- 01 0.8 3.2 12:54 -0.3 06:49 17.6 0.0 0.3 2.3 20.9 04:04 113 02 2.7 5.4 12:54 0.8 00:04 15.6 0.0 7.5 1.9 17.3 01:19 121 03 6.0 12.6 12:19 2.5 04:34 12.4 0.0 0.0 2.7 22.0 15:44 129 04 6.7 16.2 16:33 2.0 06:53 11.6 0.0 0.0 2.1 15.8 12:23 157 05 7.9 17.5 11:18 1.9 05:38 10.4 0.0 0.0 5.3 34.2 22:03 252 06 7.5 11.4 10:38 3.9 01:18 10.8 0.0 0.0 7.1 43.9 18:08 269 07 7.4 11.4 11:23 3.7 02:48 10.9 0.0 0.6 7.3 64.8 16:33 311 08 9.3 11.8 13:23 5.9 04:28 9.0 0.0 0.0 7.1 63.7 21:38 296 09 12.6 18.0 11:53 10.0 00:48 5.7 0.0 0.0 12.7 45.4 01:13 251 10 13.3 18.8 16:28 10.5 05:13 5.0 0.0 0.0 11.0 50.0 02:43 276 11 15.4 21.4 16:33 10.8 23:33 3.0 0.0 0.0 7.9 34.2 02:33 276 12 9.9 17.9 17:13 4.6 04:48 8.4 0.0 0.0 2.7 17.3 13:53 105 13 11.1 16.3 13:48 6.0 01:03 7.2 0.0 0.3 3.8 35.6 14:33 30 14 11.4 16.1 17:03 8.7 21:38 6.9 0.0 9.3 7.9 60.1 05:08 77 15 9.1 13.1 16:23 2.9 23:58 9.3 0.0 0.0 7.2 42.8 10:13 309 16 7.3 14.5 16:33 1.7 05:33 11.1 0.0 0.0 3.4 28.1 16:18 96 17 6.8 12.0 12:28 1.7 05:43 11.6 0.0 0.0 3.2 24.5 14:58 97 18 9.1 17.0 16:43 2.7 05:58 9.2 0.0 0.0 2.5 27.0 13:58 56 19 8.4 12.7 12:09 5.2 06:13 10.0 0.0 9.6 1.3 13.3 01:03 92 20 8.9 13.9 15:44 5.3 23:49 9.4 0.0 0.9 2.3 18.4 15:44 107 21 11.4 18.2 16:49 4.7 01:53 6.9 0.0 0.0 2.5 20.9 15:19 113 22 13.7 20.2 11:54 7.1 06:24 4.6 0.0 0.0 3.4 29.5 13:14 292 23 12.3 17.9 15:29 7.5 06:34 6.0 0.0 0.0 7.3 39.2 16:09 270 24 12.0 15.8 15:19 10.4 06:34 6.3 0.0 0.0 13.9 56.2 12:34 257 25 14.1 19.3 12:09 8.3 23:44 4.2 0.0 0.0 11.2 45.4 01:19 264 26 9.3 13.5 10:29 6.1 21:59 9.0 0.0 5.1 6.0 56.2 12:59 289 27 10.4 14.7 16:44 4.9 04:44 7.9 0.0 0.0 10.0 61.2 15:14 304 28 8.5 17.9 16:44 1.1 03:54 9.9 0.0 0.0 4.9 24.5 18:44 185 29 9.8 14.8 16:27 5.2 06:14 8.5 0.0 0.0 11.5 54.0 13:57 257 30 11.9 16.1 16:57 9.0 23:46 6.4 0.0 0.0 9.3 49.0 03:02 269 31 10.6 13.1 18:11 6.8 04:36 7.8 0.0 0.3 8.2 52.6 18:16 276 --------------------------------------------------------------------------------------- 9.5 21.4 11 -0.3 01 272.7 0.0 33.9 6.1 64.8 07 271 Updated: 31/03/23 23:56:00