MONTHLY CLIMATOLOGICAL SUMMARY for May 2023 NAME: Tosca, Varsi (Parma) ELEV: 650 metri LAT: 44-37.15 N LONG: 9-49.14 E TEMPERATURE (°C), RAIN (mm), WIND SPEED (km/h) HEAT COOL AVG MEAN DEG DEG WIND DOM DAY TEMP HIGH TIME LOW TIME DAYS DAYS RAIN SPEED HIGH TIME DIR --------------------------------------------------------------------------------------- 01 02 03 04 05 06 07 08 16.4 19.6 16:34 14.2 23:58 1.9 0.0 0.0 3.9 23.4 19:13 97 09 15.2 22.1 13:24 1.8 09:26 3.1 0.0 57.9 2.7 23.4 13:33 94 10 10.6 13.5 00:00 8.7 11:53 7.7 0.0 24.0 2.3 22.0 12:56 66 11 11.4 20.9 19:18 7.2 06:36 6.9 0.0 5.4 1.7 22.0 13:41 110 12 11.9 19.6 16:47 7.9 00:05 6.4 0.0 0.0 2.9 31.7 14:12 280 13 11.0 18.2 10:41 6.7 05:54 7.3 0.0 7.5 2.1 22.0 12:21 119 14 10.6 17.2 18:12 7.6 02:46 7.8 0.0 20.1 2.1 22.0 09:17 95 15 13.9 21.1 17:14 7.0 05:59 4.4 0.0 0.9 3.8 28.1 14:21 86 16 11.4 13.8 03:58 9.9 23:33 7.0 0.0 5.4 6.6 42.8 06:29 88 17 11.1 14.5 19:42 9.8 04:15 7.2 0.0 13.8 3.9 31.7 08:51 100 18 13.3 17.7 11:57 9.4 06:45 5.1 0.0 0.0 6.5 30.6 12:53 84 19 10.8 11.4 15:35 10.4 21:51 7.5 0.0 3.9 9.6 29.5 18:29 100 20 11.4 12.7 17:05 10.0 04:18 6.9 0.0 9.6 8.3 35.6 19:13 100 21 16.5 23.9 18:26 11.8 04:55 1.8 0.0 0.0 4.5 30.6 15:26 91 22 18.3 26.3 17:49 12.1 04:22 0.1 0.0 0.0 3.4 28.1 15:12 92 23 18.3 26.5 13:06 12.6 05:43 0.0 0.0 1.2 2.3 20.9 18:23 151 24 17.7 26.4 10:42 12.0 05:47 0.6 0.0 0.0 2.7 28.1 16:23 150 25 15.5 21.3 15:16 12.3 21:40 2.9 0.0 2.4 2.3 24.5 12:37 110 26 19.8 29.2 17:06 11.5 05:37 0.0 1.4 0.3 2.5 20.9 15:07 91 27 18.2 24.8 14:22 13.3 02:45 0.1 0.0 0.0 2.6 24.5 14:51 114 28 19.1 27.7 16:48 13.5 06:08 0.0 0.7 0.0 2.9 22.0 13:28 101 29 18.4 25.4 19:06 12.8 05:26 0.0 0.1 0.0 4.2 25.6 12:46 93 30 18.9 24.8 16:24 13.0 05:14 0.0 0.5 0.0 4.2 29.5 14:08 96 31 18.0 24.5 17:52 13.7 06:14 0.3 0.0 0.0 5.6 39.2 15:49 95 --------------------------------------------------------------------------------------- 15.0 29.2 26 1.8 09 85.2 2.7 152.4 3.7 42.8 16 96 Updated: 01/06/23 00:00:00