MONTHLY CLIMATOLOGICAL SUMMARY for Jul 2023 NAME: Tosca, Varsi (Parma) ELEV: 650 metri LAT: 44-37.15 N LONG: 9-49.14 E TEMPERATURE (°C), RAIN (mm), WIND SPEED (km/h) HEAT COOL AVG MEAN DEG DEG WIND DOM DAY TEMP HIGH TIME LOW TIME DAYS DAYS RAIN SPEED HIGH TIME DIR --------------------------------------------------------------------------------------- 01 20.2 31.9 18:31 15.3 02:35 0.0 1.9 0.6 1.9 17.3 11:46 351 02 22.2 28.7 16:07 14.4 05:34 0.0 3.8 0.0 5.4 30.6 19:54 275 03 21.8 26.8 16:52 15.8 05:38 0.0 3.5 0.0 7.6 41.8 16:12 282 04 21.6 29.1 19:53 15.7 06:11 0.0 3.2 0.0 2.9 30.6 11:23 120 05 21.6 29.4 15:47 15.3 05:35 0.0 3.3 0.0 4.2 29.5 18:38 273 06 19.2 26.2 18:50 15.5 05:36 0.0 0.8 1.5 2.3 27.0 12:44 99 07 22.0 29.6 19:40 14.7 04:28 0.0 3.6 0.3 2.9 20.9 18:26 93 08 24.0 34.7 19:11 17.0 05:52 0.0 5.6 0.0 2.0 18.4 15:20 68 09 26.0 35.7 17:09 17.6 05:15 0.0 7.7 0.0 2.0 14.8 14:32 128 10 27.2 34.8 15:40 19.3 05:54 0.0 8.9 0.0 3.5 22.0 16:58 255 11 27.1 33.8 17:17 20.0 03:42 0.0 8.8 0.0 4.7 30.6 23:26 271 12 26.5 32.5 17:10 19.9 05:55 0.0 8.1 0.0 4.4 37.8 03:09 285 13 22.9 30.1 16:12 18.7 09:36 0.0 4.5 3.3 2.5 23.4 15:57 146 14 23.5 31.8 18:51 18.2 04:27 0.0 5.2 0.0 2.0 14.8 10:22 130 15 25.2 33.4 18:59 17.9 03:54 0.0 6.9 0.0 3.6 36.7 16:36 277 16 25.7 32.6 16:34 18.6 04:40 0.0 7.4 0.0 4.2 31.7 18:25 263 17 27.0 33.2 15:59 20.3 06:08 0.0 8.6 0.0 6.3 31.7 15:05 270 18 27.1 33.2 13:04 8.3 21:02 0.0 8.7 0.0 4.8 49.0 16:22 274 19 26.1 32.8 13:00 7.2 09:41 0.0 7.8 0.0 6.2 46.4 16:00 271 20 25.4 32.4 18:53 18.0 05:45 0.0 7.1 0.0 3.4 28.1 23:43 119 21 23.9 28.6 16:16 18.5 05:14 0.0 5.5 0.0 5.9 37.8 13:52 282 22 24.1 30.3 16:54 17.5 05:40 0.0 5.7 0.0 5.3 37.8 12:59 283 23 24.1 30.7 16:08 17.0 04:50 0.0 5.8 0.0 5.2 45.4 20:26 269 24 24.4 31.2 15:58 18.5 05:33 0.0 6.1 0.0 3.8 35.6 08:25 283 25 21.8 28.0 13:22 15.4 09:12 0.0 3.5 1.2 4.9 39.2 16:28 290 26 21.8 30.1 18:57 15.4 23:45 0.0 3.4 0.0 4.8 29.5 15:35 285 27 20.5 29.4 16:49 12.8 05:47 0.0 2.1 0.0 3.4 31.7 19:47 276 28 20.7 27.2 15:42 15.0 02:45 0.0 2.3 0.0 6.4 42.8 15:01 274 29 23.1 29.6 17:07 17.9 02:08 0.0 4.7 0.0 7.1 35.6 14:23 282 30 23.8 30.7 16:48 18.1 05:42 0.0 5.4 0.0 7.3 43.9 00:54 279 31 23.6 33.0 18:08 10.2 19:32 0.0 5.2 0.0 2.5 22.0 13:55 56 --------------------------------------------------------------------------------------- 23.7 35.7 09 7.2 19 0.0 165.3 6.9 4.3 49.0 18 277 Updated: 01/08/23 00:00:00