MONTHLY CLIMATOLOGICAL SUMMARY for Aug 2023 NAME: Tosca, Varsi (Parma) ELEV: 650 metri LAT: 44-37.15 N LONG: 9-49.14 E TEMPERATURE (°C), RAIN (mm), WIND SPEED (km/h) HEAT COOL AVG MEAN DEG DEG WIND DOM DAY TEMP HIGH TIME LOW TIME DAYS DAYS RAIN SPEED HIGH TIME DIR --------------------------------------------------------------------------------------- 01 21.6 26.1 16:07 17.2 23:56 0.0 3.2 0.0 7.9 49.0 12:18 280 02 22.6 29.2 16:40 15.9 03:50 0.0 4.3 0.0 5.4 41.8 19:48 268 03 23.6 27.2 13:38 20.2 23:47 0.0 5.3 0.0 9.1 54.0 03:27 293 04 20.0 24.8 16:25 8.5 20:08 0.0 1.6 0.0 5.0 31.7 13:37 83 05 18.9 29.9 19:18 13.0 05:54 0.0 0.5 4.2 3.3 20.9 11:41 91 06 21.2 29.2 17:04 14.0 06:30 0.0 2.9 0.0 5.7 40.3 15:59 298 07 20.2 26.8 18:41 14.2 06:36 0.0 1.8 0.0 6.2 45.4 15:18 286 08 20.1 27.1 15:43 12.4 05:32 0.0 1.8 0.0 4.9 46.4 13:40 275 09 21.2 29.6 15:48 13.8 06:16 0.0 2.9 0.0 3.6 25.6 16:45 215 10 22.8 31.7 16:51 15.1 06:05 0.0 4.5 0.0 2.7 22.0 10:57 92 11 23.6 31.1 16:08 17.0 06:22 0.0 5.2 0.0 3.5 25.6 14:35 99 12 24.8 32.5 17:08 18.2 05:13 0.0 6.4 0.0 3.0 23.4 14:35 115 13 25.3 33.3 17:06 18.8 06:32 0.0 6.9 0.0 2.8 24.5 12:28 86 14 24.0 31.2 13:16 19.4 23:46 0.0 5.7 0.0 3.0 39.2 15:24 106 15 25.0 33.3 19:03 18.6 06:20 0.0 6.6 0.0 2.2 20.9 14:51 87 16 25.2 33.4 18:30 19.1 06:00 0.0 6.8 0.0 2.1 22.0 14:14 137 17 23.1 31.5 12:13 18.7 22:59 0.0 4.8 0.0 1.9 19.4 11:29 106 18 25.4 34.5 18:56 18.2 06:08 0.0 7.1 0.0 2.4 33.1 13:40 115 19 26.6 35.1 17:12 19.4 04:36 0.0 8.2 0.0 3.0 23.4 13:12 88 20 26.8 33.9 16:19 20.0 06:10 0.0 8.5 0.0 3.6 27.0 16:51 91 21 27.0 35.4 17:10 20.6 05:55 0.0 8.7 0.0 4.3 28.1 14:29 108 22 27.7 35.9 17:55 20.9 06:29 0.0 9.3 0.0 3.8 25.6 12:19 105 23 28.8 38.2 16:38 21.0 06:35 0.0 10.5 0.0 2.9 19.4 14:40 109 24 29.2 38.0 16:30 21.6 06:42 0.0 10.9 0.0 3.1 24.5 20:19 76 25 28.6 35.4 17:26 22.0 05:26 0.0 10.3 0.0 5.0 37.8 14:51 295 26 26.3 31.2 15:47 22.5 07:10 0.0 7.9 0.0 8.7 50.0 14:09 281 27 21.7 27.8 10:29 17.8 13:52 0.0 3.3 10.8 4.4 52.6 13:43 278 28 17.1 19.9 00:00 14.3 23:55 1.3 0.0 25.2 4.6 47.9 03:33 92 29 15.3 20.7 15:47 12.2 21:50 3.1 0.0 3.3 2.2 28.1 13:46 74 30 16.8 23.8 13:06 11.8 07:30 1.5 0.0 0.0 3.1 23.4 15:55 229 31 17.9 23.6 17:28 13.1 04:05 0.4 0.0 0.0 5.5 40.3 13:28 272 --------------------------------------------------------------------------------------- 23.2 38.2 23 8.5 04 6.3 156.1 43.5 4.2 54.0 03 286 Updated: 01/09/23 00:00:00