MONTHLY CLIMATOLOGICAL SUMMARY for Sep 2023 NAME: Tosca, Varsi (Parma) ELEV: 650 metri LAT: 44-37.15 N LONG: 9-49.14 E TEMPERATURE (°C), RAIN (mm), WIND SPEED (km/h) HEAT COOL AVG MEAN DEG DEG WIND DOM DAY TEMP HIGH TIME LOW TIME DAYS DAYS RAIN SPEED HIGH TIME DIR --------------------------------------------------------------------------------------- 01 18.6 26.6 17:41 12.7 03:53 0.0 0.3 0.0 3.8 30.6 11:16 265 02 20.2 30.6 16:53 13.5 04:13 0.0 1.9 0.0 2.3 18.4 14:57 144 03 22.4 32.0 16:33 11.5 21:11 0.0 4.0 0.0 2.1 30.6 21:11 136 04 21.5 29.6 16:57 16.2 05:28 0.0 3.2 0.0 2.9 23.4 15:17 122 05 18.5 24.4 17:26 13.3 19:11 0.0 0.2 0.0 6.2 39.2 14:52 106 06 19.3 26.5 17:20 13.2 06:38 0.0 0.9 0.0 4.7 29.5 14:45 117 07 20.1 27.0 16:59 12.8 07:59 0.0 1.8 0.0 5.3 34.2 12:56 107 08 20.4 27.6 17:10 14.3 07:10 0.0 2.1 0.0 4.0 28.1 11:57 108 09 21.1 28.5 16:48 14.8 06:50 0.0 2.8 0.0 3.3 25.6 15:04 124 10 21.5 30.5 17:11 14.9 06:40 0.0 3.1 0.0 3.0 20.9 14:15 124 11 22.0 32.8 16:56 14.7 04:41 0.0 3.7 0.0 2.6 18.4 17:23 217 12 21.9 28.5 10:49 16.2 05:17 0.0 3.6 0.0 4.9 29.5 12:32 267 13 20.7 25.9 16:46 17.2 03:50 0.0 2.4 0.0 6.1 47.9 13:58 270 14 19.4 25.5 11:18 15.1 04:35 0.0 1.1 1.2 2.3 23.4 13:15 118 15 18.5 24.6 14:47 14.4 04:51 0.0 0.1 0.3 2.2 18.4 12:14 93 16 19.1 24.9 15:33 15.6 00:13 0.0 0.8 0.0 1.4 15.8 15:35 97 17 20.5 25.9 14:51 15.6 07:01 0.0 2.2 0.0 1.7 15.8 14:54 108 18 21.1 26.8 12:41 16.8 05:26 0.0 2.8 0.3 5.5 52.6 16:25 45 19 22.0 25.5 12:33 19.1 04:28 0.0 3.6 0.0 9.2 40.3 05:58 281 20 21 22 23 16.7 22.0 16:18 11.0 23:15 1.6 0.0 0.0 4.0 27.0 14:18 148 24 14.9 22.6 17:59 10.0 06:39 3.4 0.0 0.0 3.0 23.4 16:26 121 25 15.3 22.5 17:40 10.2 06:15 3.0 0.0 0.0 4.1 35.6 13:57 103 26 16.8 22.7 12:52 12.0 07:19 1.5 0.0 0.0 3.2 29.5 15:12 113 27 17.9 23.1 17:40 13.6 07:02 0.5 0.0 0.0 5.3 34.2 14:31 105 28 17.2 25.2 17:29 12.8 04:50 1.1 0.0 0.0 2.4 25.6 13:55 129 29 17.7 25.8 17:23 12.3 07:08 0.6 0.0 0.0 2.0 18.4 12:37 199 30 18.7 26.3 17:30 13.0 06:21 0.0 0.3 0.0 1.8 12.2 13:45 165 --------------------------------------------------------------------------------------- 19.4 32.8 11 10.0 24 11.8 40.8 1.8 3.6 52.6 18 125 Updated: 01/10/23 00:00:00