MONTHLY CLIMATOLOGICAL SUMMARY for Nov 2023 NAME: Tosca, Varsi (Parma) ELEV: 650 metri LAT: 44-37.15 N LONG: 9-49.14 E TEMPERATURE (°C), RAIN (mm), WIND SPEED (km/h) HEAT COOL AVG MEAN DEG DEG WIND DOM DAY TEMP HIGH TIME LOW TIME DAYS DAYS RAIN SPEED HIGH TIME DIR --------------------------------------------------------------------------------------- 01 12.1 14.8 11:51 10.0 06:26 6.3 0.0 3.3 3.5 31.7 04:15 111 02 12.2 15.8 14:08 10.1 05:50 6.1 0.0 27.0 6.4 61.2 14:36 92 03 10.4 13.1 13:30 6.3 21:55 7.9 0.0 0.9 5.8 34.2 14:22 162 04 10.6 12.7 11:54 5.9 08:29 7.7 0.0 23.1 5.9 42.8 15:33 113 05 12.9 18.7 02:33 11.7 23:54 5.5 0.0 0.3 13.9 55.1 17:04 274 06 12.1 15.0 10:35 9.4 19:57 6.2 0.0 0.0 7.2 49.0 14:29 306 07 10.4 15.0 10:46 7.0 07:09 7.9 0.0 0.0 5.1 40.3 13:12 283 08 8.4 14.8 11:02 5.5 23:34 9.9 0.0 0.0 2.2 17.3 19:24 283 09 8.2 12.1 11:50 5.3 00:54 10.1 0.0 8.1 2.3 24.5 14:07 298 10 6.8 8.7 11:04 6.3 05:06 11.5 0.0 0.6 1.5 9.7 00:11 274 11 12 7.0 11.2 14:44 5.2 19:16 11.3 0.0 0.0 2.2 19.4 23:20 322 13 10.1 17.3 10:57 5.8 03:23 8.2 0.0 0.0 2.2 33.1 16:16 175 14 14.7 17.4 12:00 10.8 00:05 3.6 0.0 0.0 6.9 56.2 20:08 44 15 12.2 19.3 11:06 6.7 23:03 6.1 0.0 0.0 3.4 33.1 12:09 181 16 10.7 14.0 13:20 6.5 01:59 7.6 0.0 0.0 4.8 42.8 22:15 238 17 11.6 16.2 10:40 5.6 23:44 6.8 0.0 0.0 7.3 46.4 12:38 275 18 7.8 17.1 11:13 3.7 07:05 10.5 0.0 0.0 1.9 12.2 03:23 273 19 9.3 15.1 11:19 5.4 02:16 9.0 0.0 0.0 3.7 42.8 13:26 306 20 9.3 17.2 11:14 5.9 21:18 9.0 0.0 0.0 1.6 12.2 12:50 293 21 7.4 8.6 11:37 6.6 00:43 10.9 0.0 2.4 5.0 39.2 19:18 98 22 7.2 10.3 11:21 5.4 23:48 11.1 0.0 0.0 6.5 34.2 11:30 81 23 6.1 13.8 11:25 2.7 07:40 12.3 0.0 0.0 2.1 18.4 12:09 129 24 10.1 18.0 11:25 3.8 00:14 8.2 0.0 0.0 5.5 45.4 18:18 223 25 5.9 9.1 00:14 3.8 19:57 12.5 0.0 0.0 10.6 57.6 09:56 307 26 6.9 12.0 11:25 3.5 23:25 11.4 0.0 0.0 8.3 37.8 06:58 286 27 5.2 7.3 13:57 2.6 20:20 13.2 0.0 0.6 1.8 24.5 21:42 216 28 6.7 12.5 13:41 1.5 04:12 11.7 0.0 14.1 6.9 39.2 20:07 290 29 4.5 13.8 11:36 0.4 07:08 13.8 0.0 0.3 1.8 28.1 00:20 209 30 2.6 9.0 22:41 1.1 17:00 15.8 0.0 21.9 2.3 28.1 21:57 190 --------------------------------------------------------------------------------------- 8.9 19.3 15 0.4 29 272.2 0.0 102.6 4.7 61.2 02 289 Updated: 01/12/23 00:00:00