MONTHLY CLIMATOLOGICAL SUMMARY for Jan 2024 NAME: Tosca, Varsi (Parma) ELEV: 650 metri LAT: 44-37.15 N LONG: 9-49.14 E TEMPERATURE (°C), RAIN (mm), WIND SPEED (km/h) HEAT COOL AVG MEAN DEG DEG WIND DOM DAY TEMP HIGH TIME LOW TIME DAYS DAYS RAIN SPEED HIGH TIME DIR --------------------------------------------------------------------------------------- 01 6.2 10.6 15:07 2.8 23:41 12.2 0.0 0.6 1.3 11.2 00:00 135 02 6.8 10.6 22:52 2.1 01:15 11.5 0.0 0.0 5.8 69.8 16:43 46 03 10.6 12.1 12:24 9.8 06:50 7.7 0.0 0.0 9.5 56.2 00:58 1 04 9.7 14.4 13:51 4.8 06:50 8.6 0.0 0.0 7.7 43.9 20:54 287 05 6.2 10.0 04:09 3.9 14:05 12.1 0.0 30.3 2.6 45.4 03:50 287 06 4.9 5.7 15:31 4.2 03:51 13.4 0.0 14.1 1.2 22.0 22:40 287 07 3.9 5.0 00:00 3.3 15:02 14.4 0.0 11.1 4.3 25.6 08:16 14 08 4.8 6.7 14:21 3.0 23:55 13.5 0.0 0.6 5.0 24.5 13:57 85 09 2.4 6.4 11:36 -0.4 23:53 15.9 0.0 0.0 5.7 35.6 11:58 68 10 -0.3 2.9 11:31 -1.9 03:47 18.6 0.0 0.0 2.0 19.4 14:25 95 11 0.1 6.6 11:45 -2.7 01:49 18.2 0.0 0.0 1.2 9.7 03:34 131 12 1.8 10.2 11:56 -0.6 01:12 16.5 0.0 0.0 1.2 7.2 15:30 104 13 3.6 9.3 11:39 -1.2 01:10 14.7 0.0 0.0 5.4 45.4 22:50 188 14 6.0 7.9 14:46 3.2 22:22 12.3 0.0 0.0 8.7 50.0 05:52 287 15 6.0 11.5 11:30 2.8 08:13 12.4 0.0 0.0 2.4 34.2 17:00 292 16 2.7 5.7 10:53 -0.8 07:36 15.6 0.0 0.0 1.4 17.3 14:11 309 17 1.5 17.0 01:19 0.8 22:45 16.9 0.0 23.1 2.1 20.9 16:50 7 18 8.9 12.9 12:07 0.8 00:40 9.4 0.0 4.5 9.1 70.9 14:07 288 19 4.9 11.3 00:00 0.6 20:49 13.5 0.0 1.2 9.6 47.9 15:23 89 20 -0.4 2.9 11:19 -2.9 07:32 18.7 0.0 0.0 7.4 34.2 11:34 79 21 0.6 9.4 11:49 -3.4 04:16 17.8 0.0 0.0 0.9 9.7 12:19 67 22 4.4 10.1 11:49 -1.3 03:04 13.9 0.0 0.0 5.1 57.6 16:53 111 23 7.4 17.0 11:49 2.9 07:55 11.0 0.0 0.0 2.0 27.0 12:51 129 24 9.0 15.8 11:29 4.7 03:38 9.3 0.0 0.0 3.3 42.8 12:46 67 25 10.9 22.2 11:47 7.2 20:08 7.5 0.0 0.0 1.7 24.5 13:00 10 26 7.7 11.7 12:29 4.4 06:31 10.6 0.0 0.0 1.0 14.8 11:18 332 27 10.4 20.6 11:32 5.8 03:46 7.9 0.0 0.0 2.1 18.4 14:08 329 28 6.3 14.4 11:28 3.1 23:50 12.1 0.0 0.0 1.3 15.8 14:41 292 29 5.4 17.3 11:34 1.7 07:13 13.0 0.0 0.0 1.4 17.3 14:14 356 30 5.5 14.2 11:32 2.0 05:14 12.9 0.0 0.0 1.3 11.2 13:52 20 31 6.5 14.5 11:36 2.3 06:34 11.9 0.0 0.0 1.4 18.4 14:18 255 --------------------------------------------------------------------------------------- 5.3 22.2 25 -3.4 21 404.0 0.0 85.5 3.7 70.9 18 9 Updated: 01/02/24 00:00:00