MONTHLY CLIMATOLOGICAL SUMMARY for Feb 2024 NAME: Tosca, Varsi (Parma) ELEV: 650 metri LAT: 44-37.15 N LONG: 9-49.14 E TEMPERATURE (°C), RAIN (mm), WIND SPEED (km/h) HEAT COOL AVG MEAN DEG DEG WIND DOM DAY TEMP HIGH TIME LOW TIME DAYS DAYS RAIN SPEED HIGH TIME DIR --------------------------------------------------------------------------------------- 01 6.2 11.6 10:16 3.3 22:48 12.1 0.0 0.0 1.6 11.2 14:37 230 02 8.7 17.4 11:38 3.4 03:28 9.7 0.0 0.0 1.6 12.2 10:54 219 03 12.7 20.6 11:35 8.5 00:17 5.6 0.0 0.0 5.3 36.7 14:07 220 04 13.0 22.4 14:37 7.9 03:31 5.4 0.0 0.0 1.5 12.2 04:28 141 05 9.8 16.3 11:24 6.0 07:30 8.5 0.0 0.0 6.4 37.8 14:57 277 06 9.3 11.2 10:41 6.2 02:59 9.0 0.0 0.0 10.3 49.0 16:48 290 07 8.9 11.3 11:36 5.4 21:33 9.4 0.0 0.0 5.7 41.8 16:00 270 08 9.1 12.4 13:33 5.8 04:08 9.3 0.0 0.0 5.5 43.9 21:50 94 09 9.5 11.6 11:33 7.1 23:05 8.8 0.0 15.0 7.5 56.2 17:55 82 10 7.7 8.4 13:18 7.1 16:47 10.6 0.0 16.2 1.6 31.7 09:04 76 11 7.3 9.3 11:10 4.0 23:57 11.1 0.0 8.7 1.2 18.4 20:30 84 12 6.7 14.8 11:18 2.2 05:20 11.6 0.0 1.5 1.6 15.8 13:46 88 13 7.0 14.7 11:31 2.7 07:21 11.3 0.0 0.0 1.3 14.8 11:49 90 14 7.9 15.5 11:00 3.2 07:22 10.4 0.0 0.0 1.8 19.4 13:56 95 15 8.6 15.3 10:51 4.5 06:08 9.7 0.0 0.0 1.7 18.4 15:31 64 16 9.0 13.9 10:11 5.8 04:38 9.4 0.0 0.0 1.1 15.8 15:48 102 17 9.6 18.6 16:08 5.5 04:36 8.8 0.0 0.0 1.8 14.8 13:01 115 18 9.9 17.2 12:40 5.2 07:40 8.4 0.0 0.0 2.2 19.4 15:47 115 19 10.5 18.9 16:07 5.7 07:29 7.8 0.0 0.0 2.4 19.4 13:00 119 20 9.6 18.0 16:17 5.2 07:06 8.7 0.0 0.0 2.7 18.4 14:47 103 21 9.7 17.2 12:23 3.8 06:55 8.6 0.0 0.0 3.2 33.1 23:32 91 22 9.3 10.3 00:24 8.2 19:01 9.0 0.0 1.8 11.3 67.3 18:47 36 23 8.6 11.2 11:51 6.1 20:44 9.8 0.0 18.3 6.9 60.1 09:02 36 24 5.9 11.6 11:21 2.3 19:07 12.4 0.0 6.3 6.9 61.2 09:12 305 25 5.7 10.4 16:08 2.4 07:19 12.6 0.0 0.0 3.1 30.6 12:25 359 26 4.1 6.3 00:00 2.5 18:39 14.2 0.0 33.0 2.6 25.6 00:11 21 27 4.1 6.9 22:55 1.3 02:27 14.2 0.0 54.0 1.1 18.4 20:28 182 28 7.8 9.0 12:29 6.2 02:41 10.6 0.0 11.4 3.5 33.1 21:03 89 29 8.6 9.2 00:52 8.1 05:59 9.8 0.0 6.3 5.9 35.6 01:05 15 --------------------------------------------------------------------------------------- 8.4 22.4 04 1.3 27 286.9 0.0 172.5 3.8 67.3 22 47 Updated: 01/03/24 00:00:00