MONTHLY CLIMATOLOGICAL SUMMARY for Mar 2024 NAME: Tosca, Varsi (Parma) ELEV: 650 metri LAT: 44-37.15 N LONG: 9-49.14 E TEMPERATURE (°C), RAIN (mm), WIND SPEED (km/h) HEAT COOL AVG MEAN DEG DEG WIND DOM DAY TEMP HIGH TIME LOW TIME DAYS DAYS RAIN SPEED HIGH TIME DIR --------------------------------------------------------------------------------------- 01 8.4 9.4 14:13 7.9 06:05 9.9 0.0 28.2 3.7 24.5 20:22 13 02 8.9 12.4 10:56 7.1 21:22 9.4 0.0 8.7 3.3 34.2 18:50 73 03 7.9 13.4 04:46 4.1 23:49 10.4 0.0 20.7 6.7 50.0 03:54 97 04 5.8 13.2 23:41 3.4 03:35 12.5 0.0 4.2 1.5 17.3 13:16 83 05 8.3 13.8 11:03 3.9 06:21 10.1 0.0 0.0 3.8 37.8 23:08 102 06 6.8 11.2 16:26 3.5 22:49 11.6 0.0 0.0 4.7 37.8 07:38 76 07 6.5 11.8 15:45 2.1 03:27 11.8 0.0 0.0 1.4 15.8 16:35 89 08 5.8 12.7 09:42 1.6 05:30 12.6 0.0 9.9 2.8 20.9 15:15 109 09 5.3 9.0 14:21 3.2 06:45 13.0 0.0 3.6 2.2 24.5 14:55 104 10 6.9 9.7 15:33 5.1 23:59 11.5 0.0 56.7 4.9 52.6 20:40 99 11 6.9 13.5 10:15 2.4 05:55 11.4 0.0 1.5 2.0 18.4 13:08 99 12 9.6 17.9 10:27 2.9 02:13 8.8 0.0 0.0 3.4 30.6 12:35 73 13 10.8 18.4 17:05 5.9 04:26 7.6 0.0 0.0 2.8 24.5 14:17 86 14 11.4 17.4 15:57 6.0 05:18 7.0 0.0 0.0 5.9 41.8 22:55 221 15 9.7 14.0 12:52 6.0 03:05 8.6 0.0 0.0 8.8 43.9 15:49 273 16 12.1 21.7 16:08 6.7 01:26 6.3 0.0 0.0 3.0 20.9 15:14 57 17 12.8 18.3 15:07 7.9 06:39 5.5 0.0 0.0 2.9 30.6 17:26 324 18 10.7 18.0 17:32 7.4 23:18 7.6 0.0 0.0 3.3 30.6 09:27 204 19 11.8 18.1 11:51 6.8 05:02 6.5 0.0 0.0 2.5 25.6 13:41 86 20 10.8 16.9 12:07 6.7 06:59 7.5 0.0 0.0 2.5 24.5 13:51 61 21 13.0 19.4 16:11 7.2 04:51 5.3 0.0 0.0 6.1 39.2 13:13 217 22 13.7 20.2 15:33 8.3 05:36 4.7 0.0 0.0 2.9 24.5 11:48 157 23 12.4 14.7 10:46 10.6 00:00 5.9 0.0 0.0 16.0 77.0 10:17 235 24 11.2 18.6 16:26 5.2 05:58 7.1 0.0 0.0 5.4 33.1 02:48 198 25 9.2 15.7 12:07 2.0 05:43 9.1 0.0 0.0 3.4 25.6 17:07 159 26 6.3 7.5 01:29 5.4 05:30 12.0 0.0 7.8 4.6 25.6 17:53 115 27 7.0 12.0 15:59 5.7 19:54 11.4 0.0 33.9 6.5 50.0 14:31 100 28 9.3 12.3 13:39 6.4 09:55 9.0 0.0 27.0 7.9 51.5 13:31 52 29 12.7 17.6 14:59 9.2 06:40 5.6 0.0 1.2 5.1 39.2 00:37 81 30 11.6 15.9 13:16 7.7 05:54 6.7 0.0 4.8 4.5 33.1 17:10 91 31 11.8 15.4 13:53 9.0 00:15 6.5 0.0 7.5 5.9 35.6 18:12 85 --------------------------------------------------------------------------------------- 9.5 21.7 16 1.6 08 272.9 0.0 215.7 4.5 77.0 23 109 Updated: 01/04/24 00:00:00